{"id":1824,"date":"2025-11-21T12:30:23","date_gmt":"2025-11-21T12:30:23","guid":{"rendered":"https:\/\/bs.xl.pt\/talentos-do-bairro\/?post_type=attendants&#038;p=1824"},"modified":"2025-11-21T12:30:26","modified_gmt":"2025-11-21T12:30:26","slug":"bruna-varela","status":"publish","type":"attendants","link":"https:\/\/bs.xl.pt\/talentos-do-bairro\/attendants\/bruna-varela\/","title":{"rendered":"Bruna Varela"},"content":{"rendered":"\n<p>Vivo em Marvila, onde o contraste entre realidades se transforma em inspira\u00e7\u00e3o.<\/p>\n\n\n\n<p>O meu percurso art\u00edstico come\u00e7ou na Escola Art\u00edstica Ant\u00f3nio Arroio, onde estudei fotografia e desenvolvi o olhar sens\u00edvel que hoje atravessa a pintura e poesia.<\/p>\n\n\n\n<p>Com o tempo, a sua arte tornou-se um espa\u00e7o de express\u00e3o e cura, uma ponte entre a emo\u00e7\u00e3o, a comunidade e a transforma\u00e7\u00e3o social.<\/p>\n","protected":false},"featured_media":1749,"template":"","meta":{"attendant_socials":""},"categories":[],"tags":[96],"attendant_categories":[],"class_list":["post-1824","attendants","type-attendants","status-publish","has-post-thumbnail","hentry","tag-artes-performativas"],"_links":{"self":[{"href":"https:\/\/bs.xl.pt\/talentos-do-bairro\/wp-json\/wp\/v2\/attendants\/1824","targetHints":{"allow":["GET"]}}],"collection":[{"href":"https:\/\/bs.xl.pt\/talentos-do-bairro\/wp-json\/wp\/v2\/attendants"}],"about":[{"href":"https:\/\/bs.xl.pt\/talentos-do-bairro\/wp-json\/wp\/v2\/types\/attendants"}],"wp:featuredmedia":[{"embeddable":true,"href":"https:\/\/bs.xl.pt\/talentos-do-bairro\/wp-json\/wp\/v2\/media\/1749"}],"wp:attachment":[{"href":"https:\/\/bs.xl.pt\/talentos-do-bairro\/wp-json\/wp\/v2\/media?parent=1824"}],"wp:term":[{"taxonomy":"category","embeddable":true,"href":"https:\/\/bs.xl.pt\/talentos-do-bairro\/wp-json\/wp\/v2\/categories?post=1824"},{"taxonomy":"post_tag","embeddable":true,"href":"https:\/\/bs.xl.pt\/talentos-do-bairro\/wp-json\/wp\/v2\/tags?post=1824"},{"taxonomy":"attendant_categories","embeddable":true,"href":"https:\/\/bs.xl.pt\/talentos-do-bairro\/wp-json\/wp\/v2\/attendant_categories?post=1824"}],"curies":[{"name":"wp","href":"https:\/\/api.w.org\/{rel}","templated":true}]}}

<p>Vivo em Marvila, onde o contraste entre realidades se transforma em inspiração.</p>



<p>O meu percurso artístico começou na Escola Artística António Arroio, onde estudei fotografia e desenvolvi o olhar sensível que hoje atravessa a pintura e poesia.</p>



<p>Com o tempo, a sua arte tornou-se um espaço de expressão e cura, uma ponte entre a emoção, a comunidade e a transformação social.</p>
