{"id":1830,"date":"2025-11-21T12:32:34","date_gmt":"2025-11-21T12:32:34","guid":{"rendered":"https:\/\/bs.xl.pt\/talentos-do-bairro\/?post_type=attendants&#038;p=1830"},"modified":"2025-11-21T12:32:34","modified_gmt":"2025-11-21T12:32:34","slug":"raissa-vieira","status":"publish","type":"attendants","link":"https:\/\/bs.xl.pt\/talentos-do-bairro\/attendants\/raissa-vieira\/","title":{"rendered":"Raissa Vieira"},"content":{"rendered":"\n<p>Tenho 26 anos, uma filha de 9 anos que se chama Melissa e vivo em Portugal h\u00e1 quase 12 anos. A m\u00fasica sempre foi a minha forma de expressar, de curar e de me reencontrar. Cantar \u00e9 onde eu me sinto livre, verdadeira e em paz.<\/p>\n\n\n\n<p>Participar desse concurso \u00e9, sem d\u00favida, uma grande oportunidade de mostrar o meu talento, ganhar visibilidade e partilhar a minha ess\u00eancia com o p\u00fablico.<\/p>\n","protected":false},"featured_media":1665,"template":"","meta":{"attendant_socials":""},"categories":[],"tags":[93],"attendant_categories":[],"class_list":["post-1830","attendants","type-attendants","status-publish","has-post-thumbnail","hentry","tag-musica"],"_links":{"self":[{"href":"https:\/\/bs.xl.pt\/talentos-do-bairro\/wp-json\/wp\/v2\/attendants\/1830","targetHints":{"allow":["GET"]}}],"collection":[{"href":"https:\/\/bs.xl.pt\/talentos-do-bairro\/wp-json\/wp\/v2\/attendants"}],"about":[{"href":"https:\/\/bs.xl.pt\/talentos-do-bairro\/wp-json\/wp\/v2\/types\/attendants"}],"wp:featuredmedia":[{"embeddable":true,"href":"https:\/\/bs.xl.pt\/talentos-do-bairro\/wp-json\/wp\/v2\/media\/1665"}],"wp:attachment":[{"href":"https:\/\/bs.xl.pt\/talentos-do-bairro\/wp-json\/wp\/v2\/media?parent=1830"}],"wp:term":[{"taxonomy":"category","embeddable":true,"href":"https:\/\/bs.xl.pt\/talentos-do-bairro\/wp-json\/wp\/v2\/categories?post=1830"},{"taxonomy":"post_tag","embeddable":true,"href":"https:\/\/bs.xl.pt\/talentos-do-bairro\/wp-json\/wp\/v2\/tags?post=1830"},{"taxonomy":"attendant_categories","embeddable":true,"href":"https:\/\/bs.xl.pt\/talentos-do-bairro\/wp-json\/wp\/v2\/attendant_categories?post=1830"}],"curies":[{"name":"wp","href":"https:\/\/api.w.org\/{rel}","templated":true}]}}

<p>Tenho 26 anos, uma filha de 9 anos que se chama Melissa e vivo em Portugal há quase 12 anos. A música sempre foi a minha forma de expressar, de curar e de me reencontrar. Cantar é onde eu me sinto livre, verdadeira e em paz.</p>



<p>Participar desse concurso é, sem dúvida, uma grande oportunidade de mostrar o meu talento, ganhar visibilidade e partilhar a minha essência com o público.</p>
