{"id":1836,"date":"2025-11-21T12:35:34","date_gmt":"2025-11-21T12:35:34","guid":{"rendered":"https:\/\/bs.xl.pt\/talentos-do-bairro\/?post_type=attendants&#038;p=1836"},"modified":"2025-11-21T12:35:36","modified_gmt":"2025-11-21T12:35:36","slug":"pandon","status":"publish","type":"attendants","link":"https:\/\/bs.xl.pt\/talentos-do-bairro\/attendants\/pandon\/","title":{"rendered":"Pandon"},"content":{"rendered":"\n<p>Sou Bruno Fernandez, tenho 20 anos e cresci rodeado pela energia e pelos sons do meu bairro.<\/p>\n\n\n\n<p>A m\u00fasica sempre foi a minha forma de express\u00e3o e \u00e9 atrav\u00e9s dela que quero mostrar o meu talento e representar as minhas origens. <\/p>\n\n\n\n<p>Sonho em vingar na m\u00fasica e levar comigo a voz e a for\u00e7a da minha comunidade.<\/p>\n","protected":false},"featured_media":1686,"template":"","meta":{"attendant_socials":""},"categories":[],"tags":[93],"attendant_categories":[],"class_list":["post-1836","attendants","type-attendants","status-publish","has-post-thumbnail","hentry","tag-musica"],"_links":{"self":[{"href":"https:\/\/bs.xl.pt\/talentos-do-bairro\/wp-json\/wp\/v2\/attendants\/1836","targetHints":{"allow":["GET"]}}],"collection":[{"href":"https:\/\/bs.xl.pt\/talentos-do-bairro\/wp-json\/wp\/v2\/attendants"}],"about":[{"href":"https:\/\/bs.xl.pt\/talentos-do-bairro\/wp-json\/wp\/v2\/types\/attendants"}],"wp:featuredmedia":[{"embeddable":true,"href":"https:\/\/bs.xl.pt\/talentos-do-bairro\/wp-json\/wp\/v2\/media\/1686"}],"wp:attachment":[{"href":"https:\/\/bs.xl.pt\/talentos-do-bairro\/wp-json\/wp\/v2\/media?parent=1836"}],"wp:term":[{"taxonomy":"category","embeddable":true,"href":"https:\/\/bs.xl.pt\/talentos-do-bairro\/wp-json\/wp\/v2\/categories?post=1836"},{"taxonomy":"post_tag","embeddable":true,"href":"https:\/\/bs.xl.pt\/talentos-do-bairro\/wp-json\/wp\/v2\/tags?post=1836"},{"taxonomy":"attendant_categories","embeddable":true,"href":"https:\/\/bs.xl.pt\/talentos-do-bairro\/wp-json\/wp\/v2\/attendant_categories?post=1836"}],"curies":[{"name":"wp","href":"https:\/\/api.w.org\/{rel}","templated":true}]}}

<p>Sou Bruno Fernandez, tenho 20 anos e cresci rodeado pela energia e pelos sons do meu bairro.</p>



<p>A música sempre foi a minha forma de expressão e é através dela que quero mostrar o meu talento e representar as minhas origens. </p>



<p>Sonho em vingar na música e levar comigo a voz e a força da minha comunidade.</p>
