{"id":1839,"date":"2025-11-21T12:36:36","date_gmt":"2025-11-21T12:36:36","guid":{"rendered":"https:\/\/bs.xl.pt\/talentos-do-bairro\/?post_type=attendants&#038;p=1839"},"modified":"2025-11-21T12:36:38","modified_gmt":"2025-11-21T12:36:38","slug":"claudia-amador","status":"publish","type":"attendants","link":"https:\/\/bs.xl.pt\/talentos-do-bairro\/attendants\/claudia-amador\/","title":{"rendered":"Cl\u00e1udia Amador"},"content":{"rendered":"\n<p>Ol\u00e1, eu sou a Cl\u00e1udia Amador, tenho 35 anos, e sou deficiente visual. Sou cantora gospel desde 2009, onde tive a oportunidade de fazer por v\u00e1rios anos a, solos. J\u00e1 fiz v\u00e1rias participa\u00e7\u00f5es em concertos, casamentos, e outros eventos de muita import\u00e2ncia. Fiz parte do coro gospel de Lisboa e a feixe luminoso de 2009 a 2017.<\/p>\n","protected":false},"featured_media":1740,"template":"","meta":{"attendant_socials":""},"categories":[],"tags":[93],"attendant_categories":[],"class_list":["post-1839","attendants","type-attendants","status-publish","has-post-thumbnail","hentry","tag-musica"],"_links":{"self":[{"href":"https:\/\/bs.xl.pt\/talentos-do-bairro\/wp-json\/wp\/v2\/attendants\/1839","targetHints":{"allow":["GET"]}}],"collection":[{"href":"https:\/\/bs.xl.pt\/talentos-do-bairro\/wp-json\/wp\/v2\/attendants"}],"about":[{"href":"https:\/\/bs.xl.pt\/talentos-do-bairro\/wp-json\/wp\/v2\/types\/attendants"}],"wp:featuredmedia":[{"embeddable":true,"href":"https:\/\/bs.xl.pt\/talentos-do-bairro\/wp-json\/wp\/v2\/media\/1740"}],"wp:attachment":[{"href":"https:\/\/bs.xl.pt\/talentos-do-bairro\/wp-json\/wp\/v2\/media?parent=1839"}],"wp:term":[{"taxonomy":"category","embeddable":true,"href":"https:\/\/bs.xl.pt\/talentos-do-bairro\/wp-json\/wp\/v2\/categories?post=1839"},{"taxonomy":"post_tag","embeddable":true,"href":"https:\/\/bs.xl.pt\/talentos-do-bairro\/wp-json\/wp\/v2\/tags?post=1839"},{"taxonomy":"attendant_categories","embeddable":true,"href":"https:\/\/bs.xl.pt\/talentos-do-bairro\/wp-json\/wp\/v2\/attendant_categories?post=1839"}],"curies":[{"name":"wp","href":"https:\/\/api.w.org\/{rel}","templated":true}]}}

Cláudia Amador

<p>Olá, eu sou a Cláudia Amador, tenho 35 anos, e sou deficiente visual. Sou cantora gospel desde 2009, onde tive a oportunidade de fazer por vários anos a, solos. Já fiz várias participações em concertos, casamentos, e outros eventos de muita importância. Fiz parte do coro gospel de Lisboa e a feixe luminoso de 2009 a 2017.</p>
