{"id":1854,"date":"2025-11-21T12:52:26","date_gmt":"2025-11-21T12:52:26","guid":{"rendered":"https:\/\/bs.xl.pt\/talentos-do-bairro\/?post_type=attendants&#038;p=1854"},"modified":"2025-11-21T12:52:27","modified_gmt":"2025-11-21T12:52:27","slug":"rafa-moreira","status":"publish","type":"attendants","link":"https:\/\/bs.xl.pt\/talentos-do-bairro\/attendants\/rafa-moreira\/","title":{"rendered":"Rafa Moreira"},"content":{"rendered":"\n<p>O meu nome \u00e9 Rafa Moreira tenho 18 nasci e cresci no bairro Padre Cruz. Sou uma jovem carism\u00e1tica e com muita vontade de viver experi\u00eancias! Com as minhas letras eu tenho o prop\u00f3sito de fazer ver que no bairro tamb\u00e9m existe talentos.<\/p>\n","protected":false},"featured_media":1674,"template":"","meta":{"attendant_socials":""},"categories":[],"tags":[93],"attendant_categories":[],"class_list":["post-1854","attendants","type-attendants","status-publish","has-post-thumbnail","hentry","tag-musica"],"_links":{"self":[{"href":"https:\/\/bs.xl.pt\/talentos-do-bairro\/wp-json\/wp\/v2\/attendants\/1854","targetHints":{"allow":["GET"]}}],"collection":[{"href":"https:\/\/bs.xl.pt\/talentos-do-bairro\/wp-json\/wp\/v2\/attendants"}],"about":[{"href":"https:\/\/bs.xl.pt\/talentos-do-bairro\/wp-json\/wp\/v2\/types\/attendants"}],"wp:featuredmedia":[{"embeddable":true,"href":"https:\/\/bs.xl.pt\/talentos-do-bairro\/wp-json\/wp\/v2\/media\/1674"}],"wp:attachment":[{"href":"https:\/\/bs.xl.pt\/talentos-do-bairro\/wp-json\/wp\/v2\/media?parent=1854"}],"wp:term":[{"taxonomy":"category","embeddable":true,"href":"https:\/\/bs.xl.pt\/talentos-do-bairro\/wp-json\/wp\/v2\/categories?post=1854"},{"taxonomy":"post_tag","embeddable":true,"href":"https:\/\/bs.xl.pt\/talentos-do-bairro\/wp-json\/wp\/v2\/tags?post=1854"},{"taxonomy":"attendant_categories","embeddable":true,"href":"https:\/\/bs.xl.pt\/talentos-do-bairro\/wp-json\/wp\/v2\/attendant_categories?post=1854"}],"curies":[{"name":"wp","href":"https:\/\/api.w.org\/{rel}","templated":true}]}}

<p>O meu nome é Rafa Moreira tenho 18 nasci e cresci no bairro Padre Cruz. Sou uma jovem carismática e com muita vontade de viver experiências! Com as minhas letras eu tenho o propósito de fazer ver que no bairro também existe talentos.</p>
