{"id":1869,"date":"2025-11-21T12:57:59","date_gmt":"2025-11-21T12:57:59","guid":{"rendered":"https:\/\/bs.xl.pt\/talentos-do-bairro\/?post_type=attendants&#038;p=1869"},"modified":"2025-11-21T12:58:01","modified_gmt":"2025-11-21T12:58:01","slug":"pipa","status":"publish","type":"attendants","link":"https:\/\/bs.xl.pt\/talentos-do-bairro\/attendants\/pipa\/","title":{"rendered":"Pipa"},"content":{"rendered":"\n<p>Chamo-me Ver\u00f3nica Carreira, mais conhecida artisticamente como Pipa. Tenho 26 anos e resido no Lumiar. Desde muito cedo desenvolvi uma profunda paix\u00e3o pela m\u00fasica, que se tem tornado uma parte essencial do meu percurso pessoal e art\u00edstico.<\/p>\n","protected":false},"featured_media":1689,"template":"","meta":{"attendant_socials":""},"categories":[],"tags":[93],"attendant_categories":[],"class_list":["post-1869","attendants","type-attendants","status-publish","has-post-thumbnail","hentry","tag-musica"],"_links":{"self":[{"href":"https:\/\/bs.xl.pt\/talentos-do-bairro\/wp-json\/wp\/v2\/attendants\/1869","targetHints":{"allow":["GET"]}}],"collection":[{"href":"https:\/\/bs.xl.pt\/talentos-do-bairro\/wp-json\/wp\/v2\/attendants"}],"about":[{"href":"https:\/\/bs.xl.pt\/talentos-do-bairro\/wp-json\/wp\/v2\/types\/attendants"}],"wp:featuredmedia":[{"embeddable":true,"href":"https:\/\/bs.xl.pt\/talentos-do-bairro\/wp-json\/wp\/v2\/media\/1689"}],"wp:attachment":[{"href":"https:\/\/bs.xl.pt\/talentos-do-bairro\/wp-json\/wp\/v2\/media?parent=1869"}],"wp:term":[{"taxonomy":"category","embeddable":true,"href":"https:\/\/bs.xl.pt\/talentos-do-bairro\/wp-json\/wp\/v2\/categories?post=1869"},{"taxonomy":"post_tag","embeddable":true,"href":"https:\/\/bs.xl.pt\/talentos-do-bairro\/wp-json\/wp\/v2\/tags?post=1869"},{"taxonomy":"attendant_categories","embeddable":true,"href":"https:\/\/bs.xl.pt\/talentos-do-bairro\/wp-json\/wp\/v2\/attendant_categories?post=1869"}],"curies":[{"name":"wp","href":"https:\/\/api.w.org\/{rel}","templated":true}]}}

<p>Chamo-me Verónica Carreira, mais conhecida artisticamente como Pipa. Tenho 26 anos e resido no Lumiar. Desde muito cedo desenvolvi uma profunda paixão pela música, que se tem tornado uma parte essencial do meu percurso pessoal e artístico.</p>
