{"id":432,"date":"2025-06-05T09:16:26","date_gmt":"2025-06-05T09:16:26","guid":{"rendered":"https:\/\/bs.xl.pt\/the-lisbon-conference\/?post_type=attendants&#038;p=432"},"modified":"2025-06-11T11:46:48","modified_gmt":"2025-06-11T11:46:48","slug":"ana-figueiredo","status":"publish","type":"attendants","link":"https:\/\/bs.xl.pt\/the-lisbon-conference\/attendants\/ana-figueiredo\/?lang=en","title":{"rendered":"Ana Figueiredo"},"content":{"rendered":"\r\n<p>In April 2022, Ana Figueiredo assumed the role of Chief Executive Officer of MEO, currently also holding the position of Chairwoman of the Board of Directors. Prior to this, from 2018, she served as CEO of Altice Dominicana, becoming the first woman to lead a telecommunications operator in the country. Additionally, she chaired the Association of Foreign Investment Companies in the Dominican Republic.<\/p>\r\n\r\n\r\n\r\n<p>Between 2016 and 2018, she held the position of Chief Audit Executive at the Altice Group in Switzerland, overseeing operations in France, the United States, Israel, Portugal, and the Dominican Republic.<\/p>\r\n\r\n\r\n\r\n<p>With over 20 years of professional experience in the telecommunications sector, she joined the PT Group in 2003, working in areas such as audit, operational consulting, and organizational transformation. She has led teams and projects in Portugal, Brazil, Cape Verde, Morocco, Namibia, S\u00e3o Tom\u00e9 and Pr\u00edncipe, Mozambique, Kenya, and Timor-Leste.<\/p>\r\n\r\n\r\n\r\n<p>She holds a degree in Business Administration and Management from ISEG \u2013 Lisbon School of Economics &#038; Management and an MBA from Cat\u00f3lica Lisbon School of Business and Economics and Nova School of Business and Economics (Lisbon MBA).<\/p>\r\n","protected":false},"featured_media":429,"template":"","meta":[],"categories":[],"tags":[],"attendant_categories":[],"class_list":["post-432","attendants","type-attendants","status-publish","has-post-thumbnail","hentry"],"_links":{"self":[{"href":"https:\/\/bs.xl.pt\/the-lisbon-conference\/wp-json\/wp\/v2\/attendants\/432","targetHints":{"allow":["GET"]}}],"collection":[{"href":"https:\/\/bs.xl.pt\/the-lisbon-conference\/wp-json\/wp\/v2\/attendants"}],"about":[{"href":"https:\/\/bs.xl.pt\/the-lisbon-conference\/wp-json\/wp\/v2\/types\/attendants"}],"wp:featuredmedia":[{"embeddable":true,"href":"https:\/\/bs.xl.pt\/the-lisbon-conference\/wp-json\/wp\/v2\/media\/429"}],"wp:attachment":[{"href":"https:\/\/bs.xl.pt\/the-lisbon-conference\/wp-json\/wp\/v2\/media?parent=432"}],"wp:term":[{"taxonomy":"category","embeddable":true,"href":"https:\/\/bs.xl.pt\/the-lisbon-conference\/wp-json\/wp\/v2\/categories?post=432"},{"taxonomy":"post_tag","embeddable":true,"href":"https:\/\/bs.xl.pt\/the-lisbon-conference\/wp-json\/wp\/v2\/tags?post=432"},{"taxonomy":"attendant_categories","embeddable":true,"href":"https:\/\/bs.xl.pt\/the-lisbon-conference\/wp-json\/wp\/v2\/attendant_categories?post=432"}],"curies":[{"name":"wp","href":"https:\/\/api.w.org\/{rel}","templated":true}]}}

<p>In April 2022, Ana Figueiredo assumed the role of Chief Executive Officer of MEO, currently also holding the position of Chairwoman of the Board of Directors. Prior to this, from 2018, she served as CEO of Altice Dominicana, becoming the first woman to lead a telecommunications operator in the country. Additionally, she chaired the Association of Foreign Investment Companies in the Dominican Republic.</p>



<p>Between 2016 and 2018, she held the position of Chief Audit Executive at the Altice Group in Switzerland, overseeing operations in France, the United States, Israel, Portugal, and the Dominican Republic.</p>



<p>With over 20 years of professional experience in the telecommunications sector, she joined the PT Group in 2003, working in areas such as audit, operational consulting, and organizational transformation. She has led teams and projects in Portugal, Brazil, Cape Verde, Morocco, Namibia, São Tomé and Príncipe, Mozambique, Kenya, and Timor-Leste.</p>



<p>She holds a degree in Business Administration and Management from ISEG – Lisbon School of Economics &#038; Management and an MBA from Católica Lisbon School of Business and Economics and Nova School of Business and Economics (Lisbon MBA).</p>
