{"id":19,"date":"2024-04-15T12:57:05","date_gmt":"2024-04-15T11:57:05","guid":{"rendered":"https:\/\/bs.xl.pt\/um-futuro-feito-de-historia\/?page_id=19"},"modified":"2024-04-15T13:00:49","modified_gmt":"2024-04-15T12:00:49","slug":"apresentacao","status":"publish","type":"page","link":"https:\/\/bs.xl.pt\/um-futuro-feito-de-historia\/apresentacao\/","title":{"rendered":"Apresenta\u00e7\u00e3o"},"content":{"rendered":"\n<h1 class=\"wp-block-heading\">50 anos de um futuro feito de hist\u00f3ria<\/h1>\n\n\n\n<p>Nascida instantes antes da democracia, no dia 17 de abril de 1974, a hist\u00f3ria da UNICRE entrela\u00e7a-se com a de um Portugal democr\u00e1tico no desenvolvimento e na moderniza\u00e7\u00e3o do sistema financeiro, na concess\u00e3o de cr\u00e9dito e na ado\u00e7\u00e3o de diferentes meios de pagamento.<\/p>\n\n\n\n<p>Constitu\u00edda inicialmente com um capital social de dezoito mil contos, e por um grupo de acionistas formado pelos bancos Totta &amp; A\u00e7ores, Borges &amp; Irm\u00e3o, Esp\u00edrito Santo, Fonsecas &amp; Burnay, Nacional Ultramarino e Portugu\u00eas do Atl\u00e2ntico, a UNICRE foi respons\u00e1vel pela emiss\u00e3o dos primeiros cart\u00f5es de cr\u00e9dito em Portugal, e pelo normalizar das rela\u00e7\u00f5es com os sistemas de pagamento internacionais, dos quais Portugal chegou a estar exclu\u00eddo nesses anos mais conturbados. Na d\u00e9cada de 80 do s\u00e9culo passado, foi a \u00fanica institui\u00e7\u00e3o a emitir cart\u00f5es de cr\u00e9dito e, na d\u00e9cada seguinte, respons\u00e1vel pela instala\u00e7\u00e3o dos primeiros terminais eletr\u00f3nicos de pagamento em estabelecimentos comerciais, sem os quais hoje n\u00e3o imaginar\u00edamos viver.<\/p>\n\n\n\n<p>Ao longo de 50 anos, a UNICRE contribuiu decisivamente para a dinamiza\u00e7\u00e3o do com\u00e9rcio e da economia em Portugal, apoiando as empresas com solu\u00e7\u00f5es de pagamento cada vez mais adaptadas \u00e0s necessidades espec\u00edficas do seu neg\u00f3cio, mantendo-se na vanguarda da ado\u00e7\u00e3o de solu\u00e7\u00f5es como o contactless ou os wearables, e investindo igualmente em seguran\u00e7a, de forma a garantir a prote\u00e7\u00e3o das transa\u00e7\u00f5es e dos pagamentos contra fraudes e ataques cibern\u00e9ticos, mesmo num ambiente de crescente complexidade digital.<\/p>\n\n\n\n<p>Ao celebrar o seu cinquenten\u00e1rio, a UNICRE prepara-se, agora, para escrever os pr\u00f3ximos cap\u00edtulos de uma hist\u00f3ria repleta de sucessos, mantendo-se fiel aos valores de excel\u00eancia, integridade e inova\u00e7\u00e3o que sempre a caracterizaram.<\/p>\n","protected":false},"excerpt":{"rendered":"<p>Celebrando cinco d\u00e9cadas de inova\u00e7\u00e3o e lideran\u00e7a, a UNICRE reafirma a sua posi\u00e7\u00e3o central no sistema financeiro e nos meios de pagamento dos portugueses.<\/p>\n","protected":false},"author":5,"featured_media":0,"parent":0,"menu_order":0,"comment_status":"closed","ping_status":"closed","template":"","meta":{"footnotes":""},"class_list":["post-19","page","type-page","status-publish","hentry"],"_links":{"self":[{"href":"https:\/\/bs.xl.pt\/um-futuro-feito-de-historia\/wp-json\/wp\/v2\/pages\/19","targetHints":{"allow":["GET"]}}],"collection":[{"href":"https:\/\/bs.xl.pt\/um-futuro-feito-de-historia\/wp-json\/wp\/v2\/pages"}],"about":[{"href":"https:\/\/bs.xl.pt\/um-futuro-feito-de-historia\/wp-json\/wp\/v2\/types\/page"}],"author":[{"embeddable":true,"href":"https:\/\/bs.xl.pt\/um-futuro-feito-de-historia\/wp-json\/wp\/v2\/users\/5"}],"replies":[{"embeddable":true,"href":"https:\/\/bs.xl.pt\/um-futuro-feito-de-historia\/wp-json\/wp\/v2\/comments?post=19"}],"version-history":[{"count":2,"href":"https:\/\/bs.xl.pt\/um-futuro-feito-de-historia\/wp-json\/wp\/v2\/pages\/19\/revisions"}],"predecessor-version":[{"id":25,"href":"https:\/\/bs.xl.pt\/um-futuro-feito-de-historia\/wp-json\/wp\/v2\/pages\/19\/revisions\/25"}],"wp:attachment":[{"href":"https:\/\/bs.xl.pt\/um-futuro-feito-de-historia\/wp-json\/wp\/v2\/media?parent=19"}],"curies":[{"name":"wp","href":"https:\/\/api.w.org\/{rel}","templated":true}]}}