{"id":28,"date":"2024-04-15T13:03:22","date_gmt":"2024-04-15T12:03:22","guid":{"rendered":"https:\/\/bs.xl.pt\/um-futuro-feito-de-historia\/?page_id=28"},"modified":"2024-04-16T13:16:09","modified_gmt":"2024-04-16T12:16:09","slug":"infografia","status":"publish","type":"page","link":"https:\/\/bs.xl.pt\/um-futuro-feito-de-historia\/infografia\/","title":{"rendered":"Infografia"},"content":{"rendered":"\n<h1 class=\"wp-block-heading\">50 anos em 50 factos<\/h1>\n","protected":false},"excerpt":{"rendered":"<p>Ao longo destas 5 d\u00e9cadas de conquistas da UNICRE, Portugal viveu per\u00edodos e momentos hist\u00f3ricos que moldaram a identidade e o percurso do pa\u00eds. Conhe\u00e7a a hist\u00f3ria da Unicre em formato de cronologia enquadrada nesses momentos mais marcantes da nossa  hist\u00f3ria.<\/p>\n","protected":false},"author":5,"featured_media":0,"parent":0,"menu_order":0,"comment_status":"closed","ping_status":"closed","template":"","meta":{"footnotes":""},"class_list":["post-28","page","type-page","status-publish","hentry"],"_links":{"self":[{"href":"https:\/\/bs.xl.pt\/um-futuro-feito-de-historia\/wp-json\/wp\/v2\/pages\/28","targetHints":{"allow":["GET"]}}],"collection":[{"href":"https:\/\/bs.xl.pt\/um-futuro-feito-de-historia\/wp-json\/wp\/v2\/pages"}],"about":[{"href":"https:\/\/bs.xl.pt\/um-futuro-feito-de-historia\/wp-json\/wp\/v2\/types\/page"}],"author":[{"embeddable":true,"href":"https:\/\/bs.xl.pt\/um-futuro-feito-de-historia\/wp-json\/wp\/v2\/users\/5"}],"replies":[{"embeddable":true,"href":"https:\/\/bs.xl.pt\/um-futuro-feito-de-historia\/wp-json\/wp\/v2\/comments?post=28"}],"version-history":[{"count":4,"href":"https:\/\/bs.xl.pt\/um-futuro-feito-de-historia\/wp-json\/wp\/v2\/pages\/28\/revisions"}],"predecessor-version":[{"id":73,"href":"https:\/\/bs.xl.pt\/um-futuro-feito-de-historia\/wp-json\/wp\/v2\/pages\/28\/revisions\/73"}],"wp:attachment":[{"href":"https:\/\/bs.xl.pt\/um-futuro-feito-de-historia\/wp-json\/wp\/v2\/media?parent=28"}],"curies":[{"name":"wp","href":"https:\/\/api.w.org\/{rel}","templated":true}]}}

<p>Ao longo destas 5 décadas de conquistas da UNICRE, Portugal viveu períodos e momentos históricos que moldaram a identidade e o percurso do país. Conheça a história da Unicre em formato de cronologia enquadrada nesses momentos mais marcantes da nossa  história.</p>
