{"id":103,"date":"2025-03-07T22:06:24","date_gmt":"2025-03-07T22:06:24","guid":{"rendered":"https:\/\/bs.xl.pt\/uma-casa-um-futuro\/?post_type=debates&#038;p=103"},"modified":"2025-03-27T13:11:58","modified_gmt":"2025-03-27T13:11:58","slug":"a-importancia-da-seguranca-no-combate-a-estigmatizacao-dos-bairros","status":"publish","type":"debates","link":"https:\/\/bs.xl.pt\/uma-casa-um-futuro\/debate\/a-importancia-da-seguranca-no-combate-a-estigmatizacao-dos-bairros\/","title":{"rendered":"A import\u00e2ncia da Seguran\u00e7a no combate \u00e0 estigmatiza\u00e7\u00e3o dos Bairros"},"content":{"rendered":"","protected":false},"excerpt":{"rendered":"<p>\u201cEm determinados bairros a perce\u00e7\u00e3o de seguran\u00e7a n\u00e3o condiz com os n\u00fameros efetivos\u201d, quem o diz \u00e9 Miguel Silva Pereira, administrador da Gebalis. N\u00e3o obstante, a Gebalis trabalha em conjunto com a pol\u00edcia, que est\u00e1 sempre presente nos grupos comunit\u00e1rios, e faz tamb\u00e9m um trabalho de proximidade com as associa\u00e7\u00f5es locais.<\/p>\n","protected":false},"featured_media":0,"template":"","meta":[],"class_list":["post-103","debates","type-debates","status-publish","hentry"],"_links":{"self":[{"href":"https:\/\/bs.xl.pt\/uma-casa-um-futuro\/wp-json\/wp\/v2\/debates\/103","targetHints":{"allow":["GET"]}}],"collection":[{"href":"https:\/\/bs.xl.pt\/uma-casa-um-futuro\/wp-json\/wp\/v2\/debates"}],"about":[{"href":"https:\/\/bs.xl.pt\/uma-casa-um-futuro\/wp-json\/wp\/v2\/types\/debates"}],"wp:attachment":[{"href":"https:\/\/bs.xl.pt\/uma-casa-um-futuro\/wp-json\/wp\/v2\/media?parent=103"}],"curies":[{"name":"wp","href":"https:\/\/api.w.org\/{rel}","templated":true}]}}

A importância da Segurança no combate à estigmatização dos Bairros

<p>“Em determinados bairros a perceção de segurança não condiz com os números efetivos”, quem o diz é Miguel Silva Pereira, administrador da Gebalis. Não obstante, a Gebalis trabalha em conjunto com a polícia, que está sempre presente nos grupos comunitários, e faz também um trabalho de proximidade com as associações locais.</p>
