{"id":223,"date":"2025-05-26T16:19:40","date_gmt":"2025-05-26T15:19:40","guid":{"rendered":"https:\/\/bs.xl.pt\/uma-cidade-para-todos\/?post_type=attendants&#038;p=223"},"modified":"2025-05-27T09:00:39","modified_gmt":"2025-05-27T08:00:39","slug":"miguel-belo-marques","status":"publish","type":"attendants","link":"https:\/\/bs.xl.pt\/uma-cidade-para-todos\/attendants\/miguel-belo-marques\/","title":{"rendered":"Miguel Belo Marques"},"content":{"rendered":"\n<p>Possui forma\u00e7\u00e3o especializada em diversas \u00e1reas: Gest\u00e3o e Dire\u00e7\u00e3o de Seguran\u00e7a, pela Universidade Aut\u00f3noma de Lisboa; Gest\u00e3o, Economia e Turismo, pela Universidade Lus\u00f3fona de Lisboa e Curso Avan\u00e7ado de Gest\u00e3o de Crises, pelo Instituto Superior de Ci\u00eancias Policiais e Seguran\u00e7a Interna.<\/p>\n\n\n\n<p>Entre 2013 e 2019, desempenhou fun\u00e7\u00f5es de Assessor do Vereador Carlos Manuel Castro, na C\u00e2mara Municipal de Lisboa, nas \u00e1reas da Seguran\u00e7a, em particular da Pol\u00edcia Municipal e da liga\u00e7\u00e3o \u00e0 Pol\u00edcia de Seguran\u00e7a P\u00fablica.<\/p>\n\n\n\n<p>Em 2021, foi eleito Presidente da Junta de Freguesia de Campolide, cargo que desempenha atualmente.<\/p>\n","protected":false},"featured_media":196,"template":"","meta":[],"categories":[10],"tags":[],"attendant_categories":[],"class_list":["post-223","attendants","type-attendants","status-publish","has-post-thumbnail","hentry","category-seguranca"],"_links":{"self":[{"href":"https:\/\/bs.xl.pt\/uma-cidade-para-todos\/wp-json\/wp\/v2\/attendants\/223","targetHints":{"allow":["GET"]}}],"collection":[{"href":"https:\/\/bs.xl.pt\/uma-cidade-para-todos\/wp-json\/wp\/v2\/attendants"}],"about":[{"href":"https:\/\/bs.xl.pt\/uma-cidade-para-todos\/wp-json\/wp\/v2\/types\/attendants"}],"wp:featuredmedia":[{"embeddable":true,"href":"https:\/\/bs.xl.pt\/uma-cidade-para-todos\/wp-json\/wp\/v2\/media\/196"}],"wp:attachment":[{"href":"https:\/\/bs.xl.pt\/uma-cidade-para-todos\/wp-json\/wp\/v2\/media?parent=223"}],"wp:term":[{"taxonomy":"category","embeddable":true,"href":"https:\/\/bs.xl.pt\/uma-cidade-para-todos\/wp-json\/wp\/v2\/categories?post=223"},{"taxonomy":"post_tag","embeddable":true,"href":"https:\/\/bs.xl.pt\/uma-cidade-para-todos\/wp-json\/wp\/v2\/tags?post=223"},{"taxonomy":"attendant_categories","embeddable":true,"href":"https:\/\/bs.xl.pt\/uma-cidade-para-todos\/wp-json\/wp\/v2\/attendant_categories?post=223"}],"curies":[{"name":"wp","href":"https:\/\/api.w.org\/{rel}","templated":true}]}}

<p>Possui formação especializada em diversas áreas: Gestão e Direção de Segurança, pela Universidade Autónoma de Lisboa; Gestão, Economia e Turismo, pela Universidade Lusófona de Lisboa e Curso Avançado de Gestão de Crises, pelo Instituto Superior de Ciências Policiais e Segurança Interna.</p>



<p>Entre 2013 e 2019, desempenhou funções de Assessor do Vereador Carlos Manuel Castro, na Câmara Municipal de Lisboa, nas áreas da Segurança, em particular da Polícia Municipal e da ligação à Polícia de Segurança Pública.</p>



<p>Em 2021, foi eleito Presidente da Junta de Freguesia de Campolide, cargo que desempenha atualmente.</p>
