{"id":102,"date":"2026-04-28T12:59:00","date_gmt":"2026-04-28T11:59:00","guid":{"rendered":"https:\/\/bs.xl.pt\/voluntariado-tempo-conta\/?post_type=attendants&#038;p=102"},"modified":"2026-04-28T12:59:02","modified_gmt":"2026-04-28T11:59:02","slug":"andreia-marques","status":"publish","type":"attendants","link":"https:\/\/bs.xl.pt\/voluntariado-tempo-conta\/attendants\/andreia-marques\/","title":{"rendered":"Andreia Marques"},"content":{"rendered":"\n<p>Com mais de 20 anos de experi\u00eancia em Recursos Humanos, em contextos nacionais e internacionais, desenvolveu um percurso focado no desenvolvimento de pessoas e na sua articula\u00e7\u00e3o com a estrat\u00e9gia de neg\u00f3cio, enquanto premissa fundamental para a cria\u00e7\u00e3o de valor, compromisso, crescimento sustent\u00e1vel e antecipa\u00e7\u00e3o de desafios.<\/p>\n\n\n\n<p>Com uma trajet\u00f3ria marcada pela diversidade de setores, tem vindo a refor\u00e7ar a efic\u00e1cia das estrat\u00e9gias de atra\u00e7\u00e3o, desenvolvimento e reten\u00e7\u00e3o de talento, convicta da sua relev\u00e2ncia como fonte de vantagem competitiva para as organiza\u00e7\u00f5es.<\/p>\n\n\n\n<p>Na Galp h\u00e1 cerca de cinco anos, lidera atualmente o CoE de Hire to Retire, onde define e implementa uma abordagem integrada ao ciclo de vida do colaborador, assegurando uma experi\u00eancia consistente, relevante e orientada ao impacto.<\/p>\n","protected":false},"featured_media":279,"template":"","meta":[],"categories":[3],"tags":[],"attendant_categories":[],"class_list":["post-102","attendants","type-attendants","status-publish","has-post-thumbnail","hentry","category-conferencia"],"_links":{"self":[{"href":"https:\/\/bs.xl.pt\/voluntariado-tempo-conta\/wp-json\/wp\/v2\/attendants\/102","targetHints":{"allow":["GET"]}}],"collection":[{"href":"https:\/\/bs.xl.pt\/voluntariado-tempo-conta\/wp-json\/wp\/v2\/attendants"}],"about":[{"href":"https:\/\/bs.xl.pt\/voluntariado-tempo-conta\/wp-json\/wp\/v2\/types\/attendants"}],"wp:featuredmedia":[{"embeddable":true,"href":"https:\/\/bs.xl.pt\/voluntariado-tempo-conta\/wp-json\/wp\/v2\/media\/279"}],"wp:attachment":[{"href":"https:\/\/bs.xl.pt\/voluntariado-tempo-conta\/wp-json\/wp\/v2\/media?parent=102"}],"wp:term":[{"taxonomy":"category","embeddable":true,"href":"https:\/\/bs.xl.pt\/voluntariado-tempo-conta\/wp-json\/wp\/v2\/categories?post=102"},{"taxonomy":"post_tag","embeddable":true,"href":"https:\/\/bs.xl.pt\/voluntariado-tempo-conta\/wp-json\/wp\/v2\/tags?post=102"},{"taxonomy":"attendant_categories","embeddable":true,"href":"https:\/\/bs.xl.pt\/voluntariado-tempo-conta\/wp-json\/wp\/v2\/attendant_categories?post=102"}],"curies":[{"name":"wp","href":"https:\/\/api.w.org\/{rel}","templated":true}]}}

<p>Com mais de 20 anos de experiência em Recursos Humanos, em contextos nacionais e internacionais, desenvolveu um percurso focado no desenvolvimento de pessoas e na sua articulação com a estratégia de negócio, enquanto premissa fundamental para a criação de valor, compromisso, crescimento sustentável e antecipação de desafios.</p>



<p>Com uma trajetória marcada pela diversidade de setores, tem vindo a reforçar a eficácia das estratégias de atração, desenvolvimento e retenção de talento, convicta da sua relevância como fonte de vantagem competitiva para as organizações.</p>



<p>Na Galp há cerca de cinco anos, lidera atualmente o CoE de Hire to Retire, onde define e implementa uma abordagem integrada ao ciclo de vida do colaborador, assegurando uma experiência consistente, relevante e orientada ao impacto.</p>
