{"id":105,"date":"2026-04-28T13:05:37","date_gmt":"2026-04-28T12:05:37","guid":{"rendered":"https:\/\/bs.xl.pt\/voluntariado-tempo-conta\/?post_type=attendants&#038;p=105"},"modified":"2026-04-28T13:05:37","modified_gmt":"2026-04-28T12:05:37","slug":"adolfo-mesquita-nunes","status":"publish","type":"attendants","link":"https:\/\/bs.xl.pt\/voluntariado-tempo-conta\/attendants\/adolfo-mesquita-nunes\/","title":{"rendered":"Adolfo Mesquita Nunes"},"content":{"rendered":"\n<p>Adolfo Mesquita Nunes nasceu a 29 de novembro 1977. \u00c9 membro n\u00e3o executivo independente do Conselho de Administra\u00e7\u00e3o da Galp desde 12 de abril de 2019. Adicionalmente, \u00e9 Lead Independent Director do Conselho de Administra\u00e7\u00e3o da Galp desde 3 de maio de 2023.<\/p>\n\n\n\n<p>\u00c9 s\u00f3cio da Gama Gl\u00f3ria Sociedade de Advogados. \u00c9 Professor Auxiliar Convidado na Nova SBE. \u00c9 \u00e1rbitro de Direito P\u00fablico no CAAD \u2013 Centro de Arbitragem Administrativa.<\/p>\n\n\n\n<p>Anteriormente integrou os Governos XIX e XX enquanto Secret\u00e1rio de Estado do Turismo entre fevereiro de 2013 e novembro de 2015, tendo igualmente sido deputado do Parlamento Portugu\u00eas de junho de 2011 a fevereiro de 2013.<\/p>\n\n\n\n<p>Iniciou o seu percurso enquanto advogado estagi\u00e1rio em setembro de 2000 na Sociedade de Advogados Morais Leit\u00e3o, J. Galv\u00e3o Teles e Associados. Entre abril de 2005 e junho de 2011 atuou como advogado associado s\u00e9nior na Sociedade de Advogados Morais Leit\u00e3o, Galv\u00e3o Teles, Soares da Silva e Associados. Entre junho de 2002 a agosto de 2003 exerceu as fun\u00e7\u00f5es de assessor do vereador da C\u00e2mara Municipal de Lisboa Pedro Feist.<\/p>\n\n\n\n<p>\u00c9 licenciado em Direito pela Faculdade de Direito da Universidade Cat\u00f3lica Portuguesa e mestre em Direito e Ci\u00eancias Pol\u00edticas pela Faculdade de Direito da Universidade de Lisboa.<\/p>\n","protected":false},"featured_media":282,"template":"","meta":[],"categories":[3],"tags":[],"attendant_categories":[],"class_list":["post-105","attendants","type-attendants","status-publish","has-post-thumbnail","hentry","category-conferencia"],"_links":{"self":[{"href":"https:\/\/bs.xl.pt\/voluntariado-tempo-conta\/wp-json\/wp\/v2\/attendants\/105","targetHints":{"allow":["GET"]}}],"collection":[{"href":"https:\/\/bs.xl.pt\/voluntariado-tempo-conta\/wp-json\/wp\/v2\/attendants"}],"about":[{"href":"https:\/\/bs.xl.pt\/voluntariado-tempo-conta\/wp-json\/wp\/v2\/types\/attendants"}],"wp:featuredmedia":[{"embeddable":true,"href":"https:\/\/bs.xl.pt\/voluntariado-tempo-conta\/wp-json\/wp\/v2\/media\/282"}],"wp:attachment":[{"href":"https:\/\/bs.xl.pt\/voluntariado-tempo-conta\/wp-json\/wp\/v2\/media?parent=105"}],"wp:term":[{"taxonomy":"category","embeddable":true,"href":"https:\/\/bs.xl.pt\/voluntariado-tempo-conta\/wp-json\/wp\/v2\/categories?post=105"},{"taxonomy":"post_tag","embeddable":true,"href":"https:\/\/bs.xl.pt\/voluntariado-tempo-conta\/wp-json\/wp\/v2\/tags?post=105"},{"taxonomy":"attendant_categories","embeddable":true,"href":"https:\/\/bs.xl.pt\/voluntariado-tempo-conta\/wp-json\/wp\/v2\/attendant_categories?post=105"}],"curies":[{"name":"wp","href":"https:\/\/api.w.org\/{rel}","templated":true}]}}

<p>Adolfo Mesquita Nunes nasceu a 29 de novembro 1977. É membro não executivo independente do Conselho de Administração da Galp desde 12 de abril de 2019. Adicionalmente, é Lead Independent Director do Conselho de Administração da Galp desde 3 de maio de 2023.</p>



<p>É sócio da Gama Glória Sociedade de Advogados. É Professor Auxiliar Convidado na Nova SBE. É árbitro de Direito Público no CAAD – Centro de Arbitragem Administrativa.</p>



<p>Anteriormente integrou os Governos XIX e XX enquanto Secretário de Estado do Turismo entre fevereiro de 2013 e novembro de 2015, tendo igualmente sido deputado do Parlamento Português de junho de 2011 a fevereiro de 2013.</p>



<p>Iniciou o seu percurso enquanto advogado estagiário em setembro de 2000 na Sociedade de Advogados Morais Leitão, J. Galvão Teles e Associados. Entre abril de 2005 e junho de 2011 atuou como advogado associado sénior na Sociedade de Advogados Morais Leitão, Galvão Teles, Soares da Silva e Associados. Entre junho de 2002 a agosto de 2003 exerceu as funções de assessor do vereador da Câmara Municipal de Lisboa Pedro Feist.</p>



<p>É licenciado em Direito pela Faculdade de Direito da Universidade Católica Portuguesa e mestre em Direito e Ciências Políticas pela Faculdade de Direito da Universidade de Lisboa.</p>
