{"id":108,"date":"2026-04-28T13:01:23","date_gmt":"2026-04-28T12:01:23","guid":{"rendered":"https:\/\/bs.xl.pt\/voluntariado-tempo-conta\/?post_type=attendants&#038;p=108"},"modified":"2026-04-28T13:05:44","modified_gmt":"2026-04-28T12:05:44","slug":"sandra-aparicio","status":"publish","type":"attendants","link":"https:\/\/bs.xl.pt\/voluntariado-tempo-conta\/attendants\/sandra-aparicio\/","title":{"rendered":"Sandra Aparicio"},"content":{"rendered":"\n<p>Sandra Apar\u00edcio \u00e9 Diretora Executiva da Funda\u00e7\u00e3o Galp. Licenciada em Engenharia do Ambiente pela Faculdade de Ci\u00eancias e Tecnologia da Universidade Nova de Lisboa e com um MBA pela Cat\u00f3lica Lisbon School of Business &amp; Economics, construiu todo o seu percurso profissional ligada ao setor da energia, onde tem vindo a desenvolver trabalho nas \u00e1reas da sustentabilidade, responsabilidade corporativa e impacto social. Atualmente, lidera iniciativas na Funda\u00e7\u00e3o Galp com foco no acesso \u00e0 energia, \u00e0 educa\u00e7\u00e3o e na redu\u00e7\u00e3o das desigualdades, promovendo projetos colaborativos e programas de impacto social que aproximam empresas, parceiros sociais e comunidades.<\/p>\n","protected":false},"featured_media":72,"template":"","meta":[],"categories":[3],"tags":[],"attendant_categories":[],"class_list":["post-108","attendants","type-attendants","status-publish","has-post-thumbnail","hentry","category-conferencia"],"_links":{"self":[{"href":"https:\/\/bs.xl.pt\/voluntariado-tempo-conta\/wp-json\/wp\/v2\/attendants\/108","targetHints":{"allow":["GET"]}}],"collection":[{"href":"https:\/\/bs.xl.pt\/voluntariado-tempo-conta\/wp-json\/wp\/v2\/attendants"}],"about":[{"href":"https:\/\/bs.xl.pt\/voluntariado-tempo-conta\/wp-json\/wp\/v2\/types\/attendants"}],"wp:featuredmedia":[{"embeddable":true,"href":"https:\/\/bs.xl.pt\/voluntariado-tempo-conta\/wp-json\/wp\/v2\/media\/72"}],"wp:attachment":[{"href":"https:\/\/bs.xl.pt\/voluntariado-tempo-conta\/wp-json\/wp\/v2\/media?parent=108"}],"wp:term":[{"taxonomy":"category","embeddable":true,"href":"https:\/\/bs.xl.pt\/voluntariado-tempo-conta\/wp-json\/wp\/v2\/categories?post=108"},{"taxonomy":"post_tag","embeddable":true,"href":"https:\/\/bs.xl.pt\/voluntariado-tempo-conta\/wp-json\/wp\/v2\/tags?post=108"},{"taxonomy":"attendant_categories","embeddable":true,"href":"https:\/\/bs.xl.pt\/voluntariado-tempo-conta\/wp-json\/wp\/v2\/attendant_categories?post=108"}],"curies":[{"name":"wp","href":"https:\/\/api.w.org\/{rel}","templated":true}]}}

<p>Sandra Aparício é Diretora Executiva da Fundação Galp. Licenciada em Engenharia do Ambiente pela Faculdade de Ciências e Tecnologia da Universidade Nova de Lisboa e com um MBA pela Católica Lisbon School of Business &amp; Economics, construiu todo o seu percurso profissional ligada ao setor da energia, onde tem vindo a desenvolver trabalho nas áreas da sustentabilidade, responsabilidade corporativa e impacto social. Atualmente, lidera iniciativas na Fundação Galp com foco no acesso à energia, à educação e na redução das desigualdades, promovendo projetos colaborativos e programas de impacto social que aproximam empresas, parceiros sociais e comunidades.</p>
