{"id":111,"date":"2026-04-22T11:23:50","date_gmt":"2026-04-22T10:23:50","guid":{"rendered":"https:\/\/bs.xl.pt\/voluntariado-tempo-conta\/?post_type=attendants&#038;p=111"},"modified":"2026-04-28T13:07:32","modified_gmt":"2026-04-28T12:07:32","slug":"daniel-fonseca","status":"publish","type":"attendants","link":"https:\/\/bs.xl.pt\/voluntariado-tempo-conta\/attendants\/daniel-fonseca\/","title":{"rendered":"Daniel Fonseca"},"content":{"rendered":"\n<p>Daniel Fonseca \u00e9 Diretor de Marca e Comunica\u00e7\u00e3o Corporativa na Sonae, onde est\u00e1 desde 2020, quando come\u00e7ou por coordenar as \u00e1reas de comunica\u00e7\u00e3o interna e responsabilidade social corporativa do Grupo.<\/p>\n\n\n\n<p>O percurso de mais de 25 anos em Marketing \u00e9 marcado pela experi\u00eancia em multinacionais do setor de bens de grande consumo como a Unilever, Reckitt e Nomad Foods, e pelos desafios internacionais, que o levaram a viver na Dinamarca, China e Reino Unido.<\/p>\n\n\n\n<p>\u00c9 licenciado em Gest\u00e3o pela Faculdade de Economia da Universidade do Porto, tendo passado pela dinamarquesa Sonderborg School of Economics, no \u00e2mbito do Programa Erasmus.<\/p>\n\n\n\n<p>Um l\u00edder apaixonado por fortalecer marcas, equilibra o recurso \u00e0 criatividade e ao pensamento cr\u00edtico. Incentiva a coopera\u00e7\u00e3o e a flexibilidade nas equipas e acredita que o crescimento \u00e9 fundamental para a cria\u00e7\u00e3o de valor sustent\u00e1vel no ecossistema de pessoas, marcas e empresas.<\/p>\n\n\n\n<p>O lado empreendedor levou-o a criar a sua pr\u00f3pria empresa, que mant\u00e9m at\u00e9 hoje, no setor do turismo, e a organizar a primeira exposi\u00e7\u00e3o em Portugal dedicada a iPhoneography, tendo sido orador convidado no TEDxFeira sobre o tema. Este \u00e9, ali\u00e1s, o seu hobby de elei\u00e7\u00e3o, que pratica sobretudo nas viagens que gosta de fazer em fam\u00edlia e que j\u00e1 o levaram a mais de 75 pa\u00edses.\u00a0 \u00a0<\/p>\n","protected":false},"featured_media":138,"template":"","meta":[],"categories":[3],"tags":[],"attendant_categories":[],"class_list":["post-111","attendants","type-attendants","status-publish","has-post-thumbnail","hentry","category-conferencia"],"_links":{"self":[{"href":"https:\/\/bs.xl.pt\/voluntariado-tempo-conta\/wp-json\/wp\/v2\/attendants\/111","targetHints":{"allow":["GET"]}}],"collection":[{"href":"https:\/\/bs.xl.pt\/voluntariado-tempo-conta\/wp-json\/wp\/v2\/attendants"}],"about":[{"href":"https:\/\/bs.xl.pt\/voluntariado-tempo-conta\/wp-json\/wp\/v2\/types\/attendants"}],"wp:featuredmedia":[{"embeddable":true,"href":"https:\/\/bs.xl.pt\/voluntariado-tempo-conta\/wp-json\/wp\/v2\/media\/138"}],"wp:attachment":[{"href":"https:\/\/bs.xl.pt\/voluntariado-tempo-conta\/wp-json\/wp\/v2\/media?parent=111"}],"wp:term":[{"taxonomy":"category","embeddable":true,"href":"https:\/\/bs.xl.pt\/voluntariado-tempo-conta\/wp-json\/wp\/v2\/categories?post=111"},{"taxonomy":"post_tag","embeddable":true,"href":"https:\/\/bs.xl.pt\/voluntariado-tempo-conta\/wp-json\/wp\/v2\/tags?post=111"},{"taxonomy":"attendant_categories","embeddable":true,"href":"https:\/\/bs.xl.pt\/voluntariado-tempo-conta\/wp-json\/wp\/v2\/attendant_categories?post=111"}],"curies":[{"name":"wp","href":"https:\/\/api.w.org\/{rel}","templated":true}]}}

<p>Daniel Fonseca é Diretor de Marca e Comunicação Corporativa na Sonae, onde está desde 2020, quando começou por coordenar as áreas de comunicação interna e responsabilidade social corporativa do Grupo.</p>



<p>O percurso de mais de 25 anos em Marketing é marcado pela experiência em multinacionais do setor de bens de grande consumo como a Unilever, Reckitt e Nomad Foods, e pelos desafios internacionais, que o levaram a viver na Dinamarca, China e Reino Unido.</p>



<p>É licenciado em Gestão pela Faculdade de Economia da Universidade do Porto, tendo passado pela dinamarquesa Sonderborg School of Economics, no âmbito do Programa Erasmus.</p>



<p>Um líder apaixonado por fortalecer marcas, equilibra o recurso à criatividade e ao pensamento crítico. Incentiva a cooperação e a flexibilidade nas equipas e acredita que o crescimento é fundamental para a criação de valor sustentável no ecossistema de pessoas, marcas e empresas.</p>



<p>O lado empreendedor levou-o a criar a sua própria empresa, que mantém até hoje, no setor do turismo, e a organizar a primeira exposição em Portugal dedicada a iPhoneography, tendo sido orador convidado no TEDxFeira sobre o tema. Este é, aliás, o seu hobby de eleição, que pratica sobretudo nas viagens que gosta de fazer em família e que já o levaram a mais de 75 países.   </p>
