{"id":114,"date":"2026-04-22T11:24:23","date_gmt":"2026-04-22T10:24:23","guid":{"rendered":"https:\/\/bs.xl.pt\/voluntariado-tempo-conta\/?post_type=attendants&#038;p=114"},"modified":"2026-04-28T13:10:46","modified_gmt":"2026-04-28T12:10:46","slug":"pedro-morais-barbosa","status":"publish","type":"attendants","link":"https:\/\/bs.xl.pt\/voluntariado-tempo-conta\/attendants\/pedro-morais-barbosa\/","title":{"rendered":"Pedro Morais Barbosa"},"content":{"rendered":"\n<p>Pedro Morais Barbosa, Diretor de Comunica\u00e7\u00e3o Interna do BPI. Respons\u00e1vel pelo lan\u00e7amento do BPI Voluntariado no BPI em 2021 tendo tido a responsabilidade pelo programa at\u00e9 h\u00e1 cerca de 2 meses. <\/p>\n\n\n\n<p>Est\u00e1 no BPI h\u00e1 7 anos tendo antes passado pelo AKI, ActivoBank e Millennium bcp, sempre ligado a temas de responsabilidade nas \u00e1reas de comunica\u00e7\u00e3o (interna e externa) e de Marketing. Iniciou a carreira profissional como jornalista na RTP. <\/p>\n\n\n\n<p>Licenciado em Ci\u00eancia Pol\u00edtica pelo ISCSP, p\u00f3s-graduado em Marketing pela Universidade Cat\u00f3lica de Lisboa e, mais recentemente, MBA pela AESE\/IESE. <\/p>\n\n\n\n<p>Casado e pai de 4 filhos: a Kika (14 anos), a Paz (13 anos), o Joaquim (9 anos) e o Pedro (5 anos). Sportinguista ferrenho, sabe que o Sporting vai ser tricampe\u00e3o este ano!!!<\/p>\n","protected":false},"featured_media":129,"template":"","meta":[],"categories":[3],"tags":[],"attendant_categories":[],"class_list":["post-114","attendants","type-attendants","status-publish","has-post-thumbnail","hentry","category-conferencia"],"_links":{"self":[{"href":"https:\/\/bs.xl.pt\/voluntariado-tempo-conta\/wp-json\/wp\/v2\/attendants\/114","targetHints":{"allow":["GET"]}}],"collection":[{"href":"https:\/\/bs.xl.pt\/voluntariado-tempo-conta\/wp-json\/wp\/v2\/attendants"}],"about":[{"href":"https:\/\/bs.xl.pt\/voluntariado-tempo-conta\/wp-json\/wp\/v2\/types\/attendants"}],"wp:featuredmedia":[{"embeddable":true,"href":"https:\/\/bs.xl.pt\/voluntariado-tempo-conta\/wp-json\/wp\/v2\/media\/129"}],"wp:attachment":[{"href":"https:\/\/bs.xl.pt\/voluntariado-tempo-conta\/wp-json\/wp\/v2\/media?parent=114"}],"wp:term":[{"taxonomy":"category","embeddable":true,"href":"https:\/\/bs.xl.pt\/voluntariado-tempo-conta\/wp-json\/wp\/v2\/categories?post=114"},{"taxonomy":"post_tag","embeddable":true,"href":"https:\/\/bs.xl.pt\/voluntariado-tempo-conta\/wp-json\/wp\/v2\/tags?post=114"},{"taxonomy":"attendant_categories","embeddable":true,"href":"https:\/\/bs.xl.pt\/voluntariado-tempo-conta\/wp-json\/wp\/v2\/attendant_categories?post=114"}],"curies":[{"name":"wp","href":"https:\/\/api.w.org\/{rel}","templated":true}]}}

<p>Pedro Morais Barbosa, Diretor de Comunicação Interna do BPI. Responsável pelo lançamento do BPI Voluntariado no BPI em 2021 tendo tido a responsabilidade pelo programa até há cerca de 2 meses. </p>



<p>Está no BPI há 7 anos tendo antes passado pelo AKI, ActivoBank e Millennium bcp, sempre ligado a temas de responsabilidade nas áreas de comunicação (interna e externa) e de Marketing. Iniciou a carreira profissional como jornalista na RTP. </p>



<p>Licenciado em Ciência Política pelo ISCSP, pós-graduado em Marketing pela Universidade Católica de Lisboa e, mais recentemente, MBA pela AESE/IESE. </p>



<p>Casado e pai de 4 filhos: a Kika (14 anos), a Paz (13 anos), o Joaquim (9 anos) e o Pedro (5 anos). Sportinguista ferrenho, sabe que o Sporting vai ser tricampeão este ano!!!</p>
