{"id":75,"date":"2026-04-28T13:06:34","date_gmt":"2026-04-28T12:06:34","guid":{"rendered":"https:\/\/bs.xl.pt\/voluntariado-tempo-conta\/?post_type=attendants&#038;p=75"},"modified":"2026-04-28T13:06:34","modified_gmt":"2026-04-28T12:06:34","slug":"joao-diogo-silva","status":"publish","type":"attendants","link":"https:\/\/bs.xl.pt\/voluntariado-tempo-conta\/attendants\/joao-diogo-silva\/","title":{"rendered":"Jo\u00e3o Diogo Silva"},"content":{"rendered":"\n<p>Jo\u00e3o Diogo Marques da Silva nasceu em Lisboa, em 4 de fevereiro de 1975. Atualmente \u00e9 Vogal do Conselho de Administra\u00e7\u00e3o e Co-Presidente &amp; EVP Comercial da Comiss\u00e3o Executiva da Galp, desde 10 de janeiro de 2025. Trabalha na Galp desde 1997, tendo ocupado anteriormente os cargos de Diretor da \u00e1rea B2C da Galp e\u00a0Country Chair\u00a0na Galp Espanha.<\/p>\n\n\n\n<p>Tem mais de 20 anos de experi\u00eancia nos neg\u00f3cios de petr\u00f3leo e g\u00e1s da Galp, projetos de inova\u00e7\u00e3o, fun\u00e7\u00f5es corporativas e\u00a0corporate finance.<\/p>\n\n\n\n<p>Entre maio de 2014 e outubro de 2017, foi respons\u00e1vel pela \u00e1rea de Corporate Finance da Galp, e entre maio de 2008 e outubro de 2014, ocupou o cargo de CFO na unidade de Gas &amp; Power.<\/p>\n\n\n\n<p>\u00c9 licenciado em Gest\u00e3o de Empresas pelo ISCTE, tendo tamb\u00e9m recebido forma\u00e7\u00e3o executiva na London Business School (Lideran\u00e7a, Estrat\u00e9gia e Inova\u00e7\u00e3o) e na Stanford University Graduate School of Business (Estrat\u00e9gia e Organiza\u00e7\u00e3o).<\/p>\n\n\n\n<p>Jo\u00e3o Diogo Marques da Silva n\u00e3o ocupava qualquer cargo noutras entidades, por refer\u00eancia a 31 de dezembro de 2024.<\/p>\n","protected":false},"featured_media":285,"template":"","meta":[],"categories":[3],"tags":[],"attendant_categories":[],"class_list":["post-75","attendants","type-attendants","status-publish","has-post-thumbnail","hentry","category-conferencia"],"_links":{"self":[{"href":"https:\/\/bs.xl.pt\/voluntariado-tempo-conta\/wp-json\/wp\/v2\/attendants\/75","targetHints":{"allow":["GET"]}}],"collection":[{"href":"https:\/\/bs.xl.pt\/voluntariado-tempo-conta\/wp-json\/wp\/v2\/attendants"}],"about":[{"href":"https:\/\/bs.xl.pt\/voluntariado-tempo-conta\/wp-json\/wp\/v2\/types\/attendants"}],"wp:featuredmedia":[{"embeddable":true,"href":"https:\/\/bs.xl.pt\/voluntariado-tempo-conta\/wp-json\/wp\/v2\/media\/285"}],"wp:attachment":[{"href":"https:\/\/bs.xl.pt\/voluntariado-tempo-conta\/wp-json\/wp\/v2\/media?parent=75"}],"wp:term":[{"taxonomy":"category","embeddable":true,"href":"https:\/\/bs.xl.pt\/voluntariado-tempo-conta\/wp-json\/wp\/v2\/categories?post=75"},{"taxonomy":"post_tag","embeddable":true,"href":"https:\/\/bs.xl.pt\/voluntariado-tempo-conta\/wp-json\/wp\/v2\/tags?post=75"},{"taxonomy":"attendant_categories","embeddable":true,"href":"https:\/\/bs.xl.pt\/voluntariado-tempo-conta\/wp-json\/wp\/v2\/attendant_categories?post=75"}],"curies":[{"name":"wp","href":"https:\/\/api.w.org\/{rel}","templated":true}]}}

João Diogo Silva

<p>João Diogo Marques da Silva nasceu em Lisboa, em 4 de fevereiro de 1975. Atualmente é Vogal do Conselho de Administração e Co-Presidente &amp; EVP Comercial da Comissão Executiva da Galp, desde 10 de janeiro de 2025. Trabalha na Galp desde 1997, tendo ocupado anteriormente os cargos de Diretor da área B2C da Galp e Country Chair na Galp Espanha.</p>



<p>Tem mais de 20 anos de experiência nos negócios de petróleo e gás da Galp, projetos de inovação, funções corporativas e corporate finance.</p>



<p>Entre maio de 2014 e outubro de 2017, foi responsável pela área de Corporate Finance da Galp, e entre maio de 2008 e outubro de 2014, ocupou o cargo de CFO na unidade de Gas &amp; Power.</p>



<p>É licenciado em Gestão de Empresas pelo ISCTE, tendo também recebido formação executiva na London Business School (Liderança, Estratégia e Inovação) e na Stanford University Graduate School of Business (Estratégia e Organização).</p>



<p>João Diogo Marques da Silva não ocupava qualquer cargo noutras entidades, por referência a 31 de dezembro de 2024.</p>
