{"id":81,"date":"2026-04-22T11:23:41","date_gmt":"2026-04-22T10:23:41","guid":{"rendered":"https:\/\/bs.xl.pt\/voluntariado-tempo-conta\/?post_type=attendants&#038;p=81"},"modified":"2026-04-28T12:55:50","modified_gmt":"2026-04-28T11:55:50","slug":"carla-ventura","status":"publish","type":"attendants","link":"https:\/\/bs.xl.pt\/voluntariado-tempo-conta\/attendants\/carla-ventura\/","title":{"rendered":"Carla Ventura"},"content":{"rendered":"\n<p>Licenciada em Sociologia, com Estudos P\u00f3s-Graduados em Pol\u00edticas P\u00fablicas e forma\u00e7\u00e3o<br>avan\u00e7ada em Gest\u00e3o P\u00fablica<br>Vice-presidente da CASES, entidade respons\u00e1vel pela promo\u00e7\u00e3o do setor da Economia Social e<br>pela prossecu\u00e7\u00e3o de pol\u00edticas de voluntariado.<br>Pertencente ao quadro do Instituto da Seguran\u00e7a Social, IP, tem exercido fun\u00e7\u00f5es noutros<br>organismos e entidades do Minist\u00e9rio do Trabalho, Solidariedade e Seguran\u00e7a Social,<br>destacando-se as seguintes:<\/p>\n\n\n\n<ul class=\"wp-block-list\">\n<li>Vogal do Conselho de Administra\u00e7\u00e3o do Centro para a Economia e Inova\u00e7\u00e3o Social;<\/li>\n\n\n\n<li>Adjunta e Chefe do Gabinete em substitui\u00e7\u00e3o do Secret\u00e1rio de Estado do Emprego;<\/li>\n\n\n\n<li>Apoio ao Conselho Diretivo da Casa Pia de Lisboa, I. P.;<\/li>\n\n\n\n<li>Adjunta e Chefe do Gabinete da Secret\u00e1ria de Estado Adjunta e da Reabilita\u00e7\u00e3o, onde<br>acompanhou, entre outras, as pol\u00edticas na \u00e1rea do voluntariado;<\/li>\n\n\n\n<li>Conselheira para a Igualdade do Minist\u00e9rio do Trabalho e da Solidariedade Social;<\/li>\n\n\n\n<li>Chefe de divis\u00e3o do Gabinete de Forma\u00e7\u00e3o e Documenta\u00e7\u00e3o do Instituto Nacional para a<br>Reabilita\u00e7\u00e3o;<\/li>\n\n\n\n<li>Colaboradora da OIT na \u00e1rea de Investiga\u00e7\u00e3<\/li>\n<\/ul>\n","protected":false},"featured_media":135,"template":"","meta":[],"categories":[3],"tags":[],"attendant_categories":[],"class_list":["post-81","attendants","type-attendants","status-publish","has-post-thumbnail","hentry","category-conferencia"],"_links":{"self":[{"href":"https:\/\/bs.xl.pt\/voluntariado-tempo-conta\/wp-json\/wp\/v2\/attendants\/81","targetHints":{"allow":["GET"]}}],"collection":[{"href":"https:\/\/bs.xl.pt\/voluntariado-tempo-conta\/wp-json\/wp\/v2\/attendants"}],"about":[{"href":"https:\/\/bs.xl.pt\/voluntariado-tempo-conta\/wp-json\/wp\/v2\/types\/attendants"}],"wp:featuredmedia":[{"embeddable":true,"href":"https:\/\/bs.xl.pt\/voluntariado-tempo-conta\/wp-json\/wp\/v2\/media\/135"}],"wp:attachment":[{"href":"https:\/\/bs.xl.pt\/voluntariado-tempo-conta\/wp-json\/wp\/v2\/media?parent=81"}],"wp:term":[{"taxonomy":"category","embeddable":true,"href":"https:\/\/bs.xl.pt\/voluntariado-tempo-conta\/wp-json\/wp\/v2\/categories?post=81"},{"taxonomy":"post_tag","embeddable":true,"href":"https:\/\/bs.xl.pt\/voluntariado-tempo-conta\/wp-json\/wp\/v2\/tags?post=81"},{"taxonomy":"attendant_categories","embeddable":true,"href":"https:\/\/bs.xl.pt\/voluntariado-tempo-conta\/wp-json\/wp\/v2\/attendant_categories?post=81"}],"curies":[{"name":"wp","href":"https:\/\/api.w.org\/{rel}","templated":true}]}}

<p>Licenciada em Sociologia, com Estudos Pós-Graduados em Políticas Públicas e formação<br>avançada em Gestão Pública<br>Vice-presidente da CASES, entidade responsável pela promoção do setor da Economia Social e<br>pela prossecução de políticas de voluntariado.<br>Pertencente ao quadro do Instituto da Segurança Social, IP, tem exercido funções noutros<br>organismos e entidades do Ministério do Trabalho, Solidariedade e Segurança Social,<br>destacando-se as seguintes:</p>



<ul class="wp-block-list">
<li>Vogal do Conselho de Administração do Centro para a Economia e Inovação Social;</li>



<li>Adjunta e Chefe do Gabinete em substituição do Secretário de Estado do Emprego;</li>



<li>Apoio ao Conselho Diretivo da Casa Pia de Lisboa, I. P.;</li>



<li>Adjunta e Chefe do Gabinete da Secretária de Estado Adjunta e da Reabilitação, onde<br>acompanhou, entre outras, as políticas na área do voluntariado;</li>



<li>Conselheira para a Igualdade do Ministério do Trabalho e da Solidariedade Social;</li>



<li>Chefe de divisão do Gabinete de Formação e Documentação do Instituto Nacional para a<br>Reabilitação;</li>



<li>Colaboradora da OIT na área de Investigaçã</li>
</ul>
