{"id":84,"date":"2026-04-22T11:23:35","date_gmt":"2026-04-22T10:23:35","guid":{"rendered":"https:\/\/bs.xl.pt\/voluntariado-tempo-conta\/?post_type=attendants&#038;p=84"},"modified":"2026-04-28T12:56:44","modified_gmt":"2026-04-28T11:56:44","slug":"luis-almeida-capao","status":"publish","type":"attendants","link":"https:\/\/bs.xl.pt\/voluntariado-tempo-conta\/attendants\/luis-almeida-capao\/","title":{"rendered":"Lu\u00eds Almeida Cap\u00e3o"},"content":{"rendered":"\n<p>Vice-Presidente da C\u00e2mara Municipal de Cascais, eleito para o mandato 2025-2029.<\/p>\n\n\n\n<p>Respons\u00e1vel pelas \u00e1reas de Cultura, Ambiente e Sustentabilidade, Qualifica\u00e7\u00e3o Ambiental e Estrutura Verde, Altera\u00e7\u00f5es Clim\u00e1ticas, Objetivos de Desenvolvimento Sustent\u00e1vel (ODS), Cidadania e Participa\u00e7\u00e3o, Mobilidade e Autoridade Municipal de Transportes.<\/p>\n\n\n\n<p>Fundador e Presidente da Dire\u00e7\u00e3o da Associa\u00e7\u00e3o de Limpeza Urbana \u2013 Parceria para Cidades + Inteligentes e Sustent\u00e1veis \u2013 desde 2020 ano da sua g\u00e9nese, agregando os stakeholders nacionais da limpeza urbana, potenciando a acelera\u00e7\u00e3o da implementa\u00e7\u00e3o de solu\u00e7\u00f5es inovadoras promotoras de cidades limpas e sustent\u00e1veis.<\/p>\n\n\n\n<p>Licenciado em Engenharia Florestal (ISA\/UTL), Mestre em Sistemas de Informa\u00e7\u00e3o (NOVA IMS) e Executive MBA (AESE\/IESE &#8211; Universidade de Navarra), com forma\u00e7\u00e3o internacional complementar na Universidade de S\u00e3o Paulo, Indian Institute of Management e IESE Nova Iorque. Forma\u00e7\u00e3o em Sustentabilidade e Economia Circular pela Universidade de Cambridge e em Intelig\u00eancia Artificial para Neg\u00f3cios pela Wharton School (Universidade da Pensilv\u00e2nia).<\/p>\n\n\n\n<p>Investigador no Instituto Geogr\u00e1fico Portugu\u00eas, nas \u00e1reas de Engenharia de Software e Ci\u00eancias do Espa\u00e7o. Desde 2006, com atividade ao servi\u00e7o do Munic\u00edpio de Cascais, tendo sido Gestor de Projeto na Cascais Natura, Adjunto do Vice-Presidente da C\u00e2mara e, a partir de 2013, Administrador da Cascais Ambiente, onde assumiu a Presid\u00eancia do Conselho de Administra\u00e7\u00e3o entre 2017 e 2025.<\/p>\n\n\n\n<p>Autor do livro &#8220;Gerir a sustentabilidade dia-a-dia&#8221;, 2023 (ISBN 978-989-33-5654-8) , e de v\u00e1rios artigos cient\u00edficos e de opini\u00e3o nas \u00e1reas do Ambiente e Sustentabilidade. Participa\u00e7\u00e3o regular como orador em diversas iniciativas nacionais e internacionais sobre Gest\u00e3o Urbana e Inova\u00e7\u00e3o, Cidades Inteligentes, Biodiversidade e Green Economy.<\/p>\n\n\n\n<p>Reconhecido com a Medalha de M\u00e9rito Municipal de Cascais em 2023, no \u00e2mbito da sua participa\u00e7\u00e3o na primeira miss\u00e3o p\u00fablica portuguesa de solidariedade com o povo da Ucr\u00e2nia.<\/p>\n","protected":false},"featured_media":126,"template":"","meta":[],"categories":[3],"tags":[],"attendant_categories":[],"class_list":["post-84","attendants","type-attendants","status-publish","has-post-thumbnail","hentry","category-conferencia"],"_links":{"self":[{"href":"https:\/\/bs.xl.pt\/voluntariado-tempo-conta\/wp-json\/wp\/v2\/attendants\/84","targetHints":{"allow":["GET"]}}],"collection":[{"href":"https:\/\/bs.xl.pt\/voluntariado-tempo-conta\/wp-json\/wp\/v2\/attendants"}],"about":[{"href":"https:\/\/bs.xl.pt\/voluntariado-tempo-conta\/wp-json\/wp\/v2\/types\/attendants"}],"wp:featuredmedia":[{"embeddable":true,"href":"https:\/\/bs.xl.pt\/voluntariado-tempo-conta\/wp-json\/wp\/v2\/media\/126"}],"wp:attachment":[{"href":"https:\/\/bs.xl.pt\/voluntariado-tempo-conta\/wp-json\/wp\/v2\/media?parent=84"}],"wp:term":[{"taxonomy":"category","embeddable":true,"href":"https:\/\/bs.xl.pt\/voluntariado-tempo-conta\/wp-json\/wp\/v2\/categories?post=84"},{"taxonomy":"post_tag","embeddable":true,"href":"https:\/\/bs.xl.pt\/voluntariado-tempo-conta\/wp-json\/wp\/v2\/tags?post=84"},{"taxonomy":"attendant_categories","embeddable":true,"href":"https:\/\/bs.xl.pt\/voluntariado-tempo-conta\/wp-json\/wp\/v2\/attendant_categories?post=84"}],"curies":[{"name":"wp","href":"https:\/\/api.w.org\/{rel}","templated":true}]}}

Luís Almeida Capão

<p>Vice-Presidente da Câmara Municipal de Cascais, eleito para o mandato 2025-2029.</p>



<p>Responsável pelas áreas de Cultura, Ambiente e Sustentabilidade, Qualificação Ambiental e Estrutura Verde, Alterações Climáticas, Objetivos de Desenvolvimento Sustentável (ODS), Cidadania e Participação, Mobilidade e Autoridade Municipal de Transportes.</p>



<p>Fundador e Presidente da Direção da Associação de Limpeza Urbana – Parceria para Cidades + Inteligentes e Sustentáveis – desde 2020 ano da sua génese, agregando os stakeholders nacionais da limpeza urbana, potenciando a aceleração da implementação de soluções inovadoras promotoras de cidades limpas e sustentáveis.</p>



<p>Licenciado em Engenharia Florestal (ISA/UTL), Mestre em Sistemas de Informação (NOVA IMS) e Executive MBA (AESE/IESE &#8211; Universidade de Navarra), com formação internacional complementar na Universidade de São Paulo, Indian Institute of Management e IESE Nova Iorque. Formação em Sustentabilidade e Economia Circular pela Universidade de Cambridge e em Inteligência Artificial para Negócios pela Wharton School (Universidade da Pensilvânia).</p>



<p>Investigador no Instituto Geográfico Português, nas áreas de Engenharia de Software e Ciências do Espaço. Desde 2006, com atividade ao serviço do Município de Cascais, tendo sido Gestor de Projeto na Cascais Natura, Adjunto do Vice-Presidente da Câmara e, a partir de 2013, Administrador da Cascais Ambiente, onde assumiu a Presidência do Conselho de Administração entre 2017 e 2025.</p>



<p>Autor do livro &#8220;Gerir a sustentabilidade dia-a-dia&#8221;, 2023 (ISBN 978-989-33-5654-8) , e de vários artigos científicos e de opinião nas áreas do Ambiente e Sustentabilidade. Participação regular como orador em diversas iniciativas nacionais e internacionais sobre Gestão Urbana e Inovação, Cidades Inteligentes, Biodiversidade e Green Economy.</p>



<p>Reconhecido com a Medalha de Mérito Municipal de Cascais em 2023, no âmbito da sua participação na primeira missão pública portuguesa de solidariedade com o povo da Ucrânia.</p>
