{"id":87,"date":"2026-04-28T13:12:29","date_gmt":"2026-04-28T12:12:29","guid":{"rendered":"https:\/\/bs.xl.pt\/voluntariado-tempo-conta\/?post_type=attendants&#038;p=87"},"modified":"2026-04-28T13:12:29","modified_gmt":"2026-04-28T12:12:29","slug":"elizabete-silva","status":"publish","type":"attendants","link":"https:\/\/bs.xl.pt\/voluntariado-tempo-conta\/attendants\/elizabete-silva\/","title":{"rendered":"Elizabete Silva"},"content":{"rendered":"\n<p>Gestora com uma carreira de mais de 20 anos em empresas de refer\u00eancia nacionais e internacionais, nas \u00e1reas das telecomunica\u00e7\u00f5es, retalho e ind\u00fastria. Desempenhou fun\u00e7\u00f5es de lideran\u00e7a em marketing, comunica\u00e7\u00e3o, inova\u00e7\u00e3o digital e experi\u00eancia do cliente, com responsabilidades em Portugal e Espanha. Coordenou equipas multidisciplinares, liderou projetos de transforma\u00e7\u00e3o e consolidou parcerias estrat\u00e9gicas de impacto.<\/p>\n\n\n\n<p>Com um percurso marcado pela capacidade de execu\u00e7\u00e3o, proximidade com pessoas e vis\u00e3o estrat\u00e9gica, traz para a pol\u00edtica aut\u00e1rquica a experi\u00eancia necess\u00e1ria para aproximar os servi\u00e7os p\u00fablicos dos cidad\u00e3os, valorizar e promover uma gest\u00e3o moderna e eficiente do munic\u00edpio.<\/p>\n\n\n\n<p>Agora Vereadora da C\u00e2mara Municipal de Gaia, pela Iniciativa Liberal em coliga\u00e7\u00e3o com PSD e CDS, e com os pelouros Assuntos Sociais (cidadania s\u00e9nior, primeira inf\u00e2ncia e defici\u00eancia), Sa\u00fade, Juventude, Movimento Associativo e Ambiente.<\/p>\n","protected":false},"featured_media":288,"template":"","meta":[],"categories":[3],"tags":[],"attendant_categories":[],"class_list":["post-87","attendants","type-attendants","status-publish","has-post-thumbnail","hentry","category-conferencia"],"_links":{"self":[{"href":"https:\/\/bs.xl.pt\/voluntariado-tempo-conta\/wp-json\/wp\/v2\/attendants\/87","targetHints":{"allow":["GET"]}}],"collection":[{"href":"https:\/\/bs.xl.pt\/voluntariado-tempo-conta\/wp-json\/wp\/v2\/attendants"}],"about":[{"href":"https:\/\/bs.xl.pt\/voluntariado-tempo-conta\/wp-json\/wp\/v2\/types\/attendants"}],"wp:featuredmedia":[{"embeddable":true,"href":"https:\/\/bs.xl.pt\/voluntariado-tempo-conta\/wp-json\/wp\/v2\/media\/288"}],"wp:attachment":[{"href":"https:\/\/bs.xl.pt\/voluntariado-tempo-conta\/wp-json\/wp\/v2\/media?parent=87"}],"wp:term":[{"taxonomy":"category","embeddable":true,"href":"https:\/\/bs.xl.pt\/voluntariado-tempo-conta\/wp-json\/wp\/v2\/categories?post=87"},{"taxonomy":"post_tag","embeddable":true,"href":"https:\/\/bs.xl.pt\/voluntariado-tempo-conta\/wp-json\/wp\/v2\/tags?post=87"},{"taxonomy":"attendant_categories","embeddable":true,"href":"https:\/\/bs.xl.pt\/voluntariado-tempo-conta\/wp-json\/wp\/v2\/attendant_categories?post=87"}],"curies":[{"name":"wp","href":"https:\/\/api.w.org\/{rel}","templated":true}]}}

<p>Gestora com uma carreira de mais de 20 anos em empresas de referência nacionais e internacionais, nas áreas das telecomunicações, retalho e indústria. Desempenhou funções de liderança em marketing, comunicação, inovação digital e experiência do cliente, com responsabilidades em Portugal e Espanha. Coordenou equipas multidisciplinares, liderou projetos de transformação e consolidou parcerias estratégicas de impacto.</p>



<p>Com um percurso marcado pela capacidade de execução, proximidade com pessoas e visão estratégica, traz para a política autárquica a experiência necessária para aproximar os serviços públicos dos cidadãos, valorizar e promover uma gestão moderna e eficiente do município.</p>



<p>Agora Vereadora da Câmara Municipal de Gaia, pela Iniciativa Liberal em coligação com PSD e CDS, e com os pelouros Assuntos Sociais (cidadania sénior, primeira infância e deficiência), Saúde, Juventude, Movimento Associativo e Ambiente.</p>
