{"id":90,"date":"2026-04-28T13:10:09","date_gmt":"2026-04-28T12:10:09","guid":{"rendered":"https:\/\/bs.xl.pt\/voluntariado-tempo-conta\/?post_type=attendants&#038;p=90"},"modified":"2026-04-28T13:10:10","modified_gmt":"2026-04-28T12:10:10","slug":"mafalda-roriz","status":"publish","type":"attendants","link":"https:\/\/bs.xl.pt\/voluntariado-tempo-conta\/attendants\/mafalda-roriz\/","title":{"rendered":"Mafalda Roriz"},"content":{"rendered":"\n<p>Mafalda Sofia Roriz \u00e9 Doutorada em Ci\u00eancias do Desporto pela Faculdade de Desporto da Universidade do Porto (aprovada com Distin\u00e7\u00e3o) e Mestre em Desporto de Recrea\u00e7\u00e3o e Lazer pela mesma institui\u00e7\u00e3o. \u00c9 ainda Licenciada em Desporto e Educa\u00e7\u00e3o F\u00edsica.<\/p>\n\n\n\n<p>Desde abril de 2019 exerce fun\u00e7\u00f5es de Diretora do Departamento de Desenvolvimento Social, Desporto e Juventude da C\u00e2mara Municipal da Maia, departamento que integra tamb\u00e9m um Gabinete de Sa\u00fade. Foi Vereadora (sem Pelouro) na C\u00e2mara Municipal de Santo Tirso durante 12 anos (2005\u20132017). <\/p>\n\n\n\n<p>\u00c9 docente universit\u00e1ria na Universidade da Maia (ISMAI), nos cursos de Mestrado e Licenciatura em Gest\u00e3o do Desporto, e autora de publica\u00e7\u00f5es cient\u00edficas em revistas internacionais e livros t\u00e9cnicos sobre desporto municipal, envelhecimento saud\u00e1vel e desenvolvimento social.<\/p>\n\n\n\n<p>Ao longo da sua carreira, tem desenvolvido um trabalho transversal nas \u00e1reas do desenvolvimento social, sa\u00fade, desporto, juventude e envelhecimento ativo, com particular enfoque na promo\u00e7\u00e3o do bem-estar das comunidades e na articula\u00e7\u00e3o entre o poder local e a sociedade civil. Integra v\u00e1rios grupos de trabalho de \u00e2mbito t\u00e9cnico nas \u00e1reas da Sa\u00fade, Desporto e A\u00e7\u00e3o Social da \u00c1rea Metropolitana do Porto, do Eixo Atl\u00e2ntico Noroeste Peninsular, bem como da Rede Portuguesa de Munic\u00edpios Saud\u00e1veis.<\/p>\n\n\n\n<p>Possui mais de duas mil horas de forma\u00e7\u00e3o profissional, incluindo forma\u00e7\u00f5es em gest\u00e3o p\u00fablica, lideran\u00e7a e intelig\u00eancia emocional.<\/p>\n\n\n\n<p>\u00c9 Auditora de Defesa Nacional tendo frequentado o 48.\u00ba Curso de Defesa Nacional do Instituto de Defesa Nacional<\/p>\n","protected":false},"featured_media":132,"template":"","meta":[],"categories":[3],"tags":[],"attendant_categories":[],"class_list":["post-90","attendants","type-attendants","status-publish","has-post-thumbnail","hentry","category-conferencia"],"_links":{"self":[{"href":"https:\/\/bs.xl.pt\/voluntariado-tempo-conta\/wp-json\/wp\/v2\/attendants\/90","targetHints":{"allow":["GET"]}}],"collection":[{"href":"https:\/\/bs.xl.pt\/voluntariado-tempo-conta\/wp-json\/wp\/v2\/attendants"}],"about":[{"href":"https:\/\/bs.xl.pt\/voluntariado-tempo-conta\/wp-json\/wp\/v2\/types\/attendants"}],"wp:featuredmedia":[{"embeddable":true,"href":"https:\/\/bs.xl.pt\/voluntariado-tempo-conta\/wp-json\/wp\/v2\/media\/132"}],"wp:attachment":[{"href":"https:\/\/bs.xl.pt\/voluntariado-tempo-conta\/wp-json\/wp\/v2\/media?parent=90"}],"wp:term":[{"taxonomy":"category","embeddable":true,"href":"https:\/\/bs.xl.pt\/voluntariado-tempo-conta\/wp-json\/wp\/v2\/categories?post=90"},{"taxonomy":"post_tag","embeddable":true,"href":"https:\/\/bs.xl.pt\/voluntariado-tempo-conta\/wp-json\/wp\/v2\/tags?post=90"},{"taxonomy":"attendant_categories","embeddable":true,"href":"https:\/\/bs.xl.pt\/voluntariado-tempo-conta\/wp-json\/wp\/v2\/attendant_categories?post=90"}],"curies":[{"name":"wp","href":"https:\/\/api.w.org\/{rel}","templated":true}]}}

<p>Mafalda Sofia Roriz é Doutorada em Ciências do Desporto pela Faculdade de Desporto da Universidade do Porto (aprovada com Distinção) e Mestre em Desporto de Recreação e Lazer pela mesma instituição. É ainda Licenciada em Desporto e Educação Física.</p>



<p>Desde abril de 2019 exerce funções de Diretora do Departamento de Desenvolvimento Social, Desporto e Juventude da Câmara Municipal da Maia, departamento que integra também um Gabinete de Saúde. Foi Vereadora (sem Pelouro) na Câmara Municipal de Santo Tirso durante 12 anos (2005–2017). </p>



<p>É docente universitária na Universidade da Maia (ISMAI), nos cursos de Mestrado e Licenciatura em Gestão do Desporto, e autora de publicações científicas em revistas internacionais e livros técnicos sobre desporto municipal, envelhecimento saudável e desenvolvimento social.</p>



<p>Ao longo da sua carreira, tem desenvolvido um trabalho transversal nas áreas do desenvolvimento social, saúde, desporto, juventude e envelhecimento ativo, com particular enfoque na promoção do bem-estar das comunidades e na articulação entre o poder local e a sociedade civil. Integra vários grupos de trabalho de âmbito técnico nas áreas da Saúde, Desporto e Ação Social da Área Metropolitana do Porto, do Eixo Atlântico Noroeste Peninsular, bem como da Rede Portuguesa de Municípios Saudáveis.</p>



<p>Possui mais de duas mil horas de formação profissional, incluindo formações em gestão pública, liderança e inteligência emocional.</p>



<p>É Auditora de Defesa Nacional tendo frequentado o 48.º Curso de Defesa Nacional do Instituto de Defesa Nacional</p>
