{"id":93,"date":"2026-04-22T11:23:25","date_gmt":"2026-04-22T10:23:25","guid":{"rendered":"https:\/\/bs.xl.pt\/voluntariado-tempo-conta\/?post_type=attendants&#038;p=93"},"modified":"2026-04-28T13:11:35","modified_gmt":"2026-04-28T12:11:35","slug":"ricardo-antonio","status":"publish","type":"attendants","link":"https:\/\/bs.xl.pt\/voluntariado-tempo-conta\/attendants\/ricardo-antonio\/","title":{"rendered":"Ricardo Ant\u00f3nio"},"content":{"rendered":"\n<p>Ricardo Ant\u00f3nio \u00e9 fundador da Ethical \u2013 Doing Well By Doing Good, onde trabalha com empresas e organiza\u00e7\u00f5es na defini\u00e7\u00e3o, desenvolvimento e evolu\u00e7\u00e3o das suas estrat\u00e9gias de impacto social e voluntariado.<\/p>\n\n\n\n<p>Tem trabalhado no desenvolvimento de abordagens que ligam prop\u00f3sito a m\u00e9tricas concretas, ajudando a transformar iniciativas baseadas em inten\u00e7\u00e3o em estrat\u00e9gias orientadas por evid\u00eancia e resultados.<\/p>\n\n\n\n<p>Uma das suas linhas de pensamento estrat\u00e9gico centra-se no impacto social e no voluntariado como espa\u00e7os de desenvolvimento humano, explorando o seu potencial n\u00e3o apenas para gerar valor social, mas tamb\u00e9m para desenvolver compet\u00eancias, cultura e lideran\u00e7a nas organiza\u00e7\u00f5es.<\/p>\n","protected":false},"featured_media":141,"template":"","meta":[],"categories":[3],"tags":[],"attendant_categories":[],"class_list":["post-93","attendants","type-attendants","status-publish","has-post-thumbnail","hentry","category-conferencia"],"_links":{"self":[{"href":"https:\/\/bs.xl.pt\/voluntariado-tempo-conta\/wp-json\/wp\/v2\/attendants\/93","targetHints":{"allow":["GET"]}}],"collection":[{"href":"https:\/\/bs.xl.pt\/voluntariado-tempo-conta\/wp-json\/wp\/v2\/attendants"}],"about":[{"href":"https:\/\/bs.xl.pt\/voluntariado-tempo-conta\/wp-json\/wp\/v2\/types\/attendants"}],"wp:featuredmedia":[{"embeddable":true,"href":"https:\/\/bs.xl.pt\/voluntariado-tempo-conta\/wp-json\/wp\/v2\/media\/141"}],"wp:attachment":[{"href":"https:\/\/bs.xl.pt\/voluntariado-tempo-conta\/wp-json\/wp\/v2\/media?parent=93"}],"wp:term":[{"taxonomy":"category","embeddable":true,"href":"https:\/\/bs.xl.pt\/voluntariado-tempo-conta\/wp-json\/wp\/v2\/categories?post=93"},{"taxonomy":"post_tag","embeddable":true,"href":"https:\/\/bs.xl.pt\/voluntariado-tempo-conta\/wp-json\/wp\/v2\/tags?post=93"},{"taxonomy":"attendant_categories","embeddable":true,"href":"https:\/\/bs.xl.pt\/voluntariado-tempo-conta\/wp-json\/wp\/v2\/attendant_categories?post=93"}],"curies":[{"name":"wp","href":"https:\/\/api.w.org\/{rel}","templated":true}]}}

Ricardo António

<p>Ricardo António é fundador da Ethical – Doing Well By Doing Good, onde trabalha com empresas e organizações na definição, desenvolvimento e evolução das suas estratégias de impacto social e voluntariado.</p>



<p>Tem trabalhado no desenvolvimento de abordagens que ligam propósito a métricas concretas, ajudando a transformar iniciativas baseadas em intenção em estratégias orientadas por evidência e resultados.</p>



<p>Uma das suas linhas de pensamento estratégico centra-se no impacto social e no voluntariado como espaços de desenvolvimento humano, explorando o seu potencial não apenas para gerar valor social, mas também para desenvolver competências, cultura e liderança nas organizações.</p>
