{"id":96,"date":"2026-04-22T11:24:32","date_gmt":"2026-04-22T10:24:32","guid":{"rendered":"https:\/\/bs.xl.pt\/voluntariado-tempo-conta\/?post_type=attendants&#038;p=96"},"modified":"2026-04-28T13:06:57","modified_gmt":"2026-04-28T12:06:57","slug":"filipe-mello","status":"publish","type":"attendants","link":"https:\/\/bs.xl.pt\/voluntariado-tempo-conta\/attendants\/filipe-mello\/","title":{"rendered":"Filipe Mello"},"content":{"rendered":"\n<p><strong>Filipe Mello<\/strong>&nbsp;\u00e9 um profissional de Recursos Humanos com mais de 18 anos de experi\u00eancia. Licenciado em Gest\u00e3o de Empresas, conta com uma s\u00f3lida carreira dedicada \u00e0 Gest\u00e3o e Consultoria de Recursos Humanos.<\/p>\n\n\n\n<p>Ao longo do seu percurso, desenvolveu uma vasta experiencia em&nbsp;<em>Compensation &amp; Benefits<\/em>&nbsp;e Consultoria de RH S\u00e9nior, adquirida numa prestigiada consultora global e numa empresa l\u00edder do setor autom\u00f3vel, atuando em ambientes complexos e matriciais.<\/p>\n\n\n\n<p>Em maio de 2022, integrou a&nbsp;<strong>CUF<\/strong>&nbsp;como HR Manager, colaborando diretamente com a lideran\u00e7a s\u00e9nior na defini\u00e7\u00e3o e implementa\u00e7\u00e3o de estrat\u00e9gias de RH alinhadas com os objetivos de neg\u00f3cio. As suas responsabilidades incluem a gest\u00e3o de todo o ciclo de vida do talento e a lideran\u00e7a de modelos de remunera\u00e7\u00e3o e governa\u00e7\u00e3o, assegurando o cumprimento legal e promovendo um ambiente de trabalho positivo e sustent\u00e1vel.<\/p>\n\n\n\n<p>Atualmente desempenha fun\u00e7\u00e3o de Healthcare Manager numa das unidades do Grupo CUF.<\/p>\n","protected":false},"featured_media":123,"template":"","meta":[],"categories":[3],"tags":[],"attendant_categories":[],"class_list":["post-96","attendants","type-attendants","status-publish","has-post-thumbnail","hentry","category-conferencia"],"_links":{"self":[{"href":"https:\/\/bs.xl.pt\/voluntariado-tempo-conta\/wp-json\/wp\/v2\/attendants\/96","targetHints":{"allow":["GET"]}}],"collection":[{"href":"https:\/\/bs.xl.pt\/voluntariado-tempo-conta\/wp-json\/wp\/v2\/attendants"}],"about":[{"href":"https:\/\/bs.xl.pt\/voluntariado-tempo-conta\/wp-json\/wp\/v2\/types\/attendants"}],"wp:featuredmedia":[{"embeddable":true,"href":"https:\/\/bs.xl.pt\/voluntariado-tempo-conta\/wp-json\/wp\/v2\/media\/123"}],"wp:attachment":[{"href":"https:\/\/bs.xl.pt\/voluntariado-tempo-conta\/wp-json\/wp\/v2\/media?parent=96"}],"wp:term":[{"taxonomy":"category","embeddable":true,"href":"https:\/\/bs.xl.pt\/voluntariado-tempo-conta\/wp-json\/wp\/v2\/categories?post=96"},{"taxonomy":"post_tag","embeddable":true,"href":"https:\/\/bs.xl.pt\/voluntariado-tempo-conta\/wp-json\/wp\/v2\/tags?post=96"},{"taxonomy":"attendant_categories","embeddable":true,"href":"https:\/\/bs.xl.pt\/voluntariado-tempo-conta\/wp-json\/wp\/v2\/attendant_categories?post=96"}],"curies":[{"name":"wp","href":"https:\/\/api.w.org\/{rel}","templated":true}]}}

<p><strong>Filipe Mello</strong>&nbsp;é um profissional de Recursos Humanos com mais de 18 anos de experiência. Licenciado em Gestão de Empresas, conta com uma sólida carreira dedicada à Gestão e Consultoria de Recursos Humanos.</p>



<p>Ao longo do seu percurso, desenvolveu uma vasta experiencia em&nbsp;<em>Compensation &amp; Benefits</em>&nbsp;e Consultoria de RH Sénior, adquirida numa prestigiada consultora global e numa empresa líder do setor automóvel, atuando em ambientes complexos e matriciais.</p>



<p>Em maio de 2022, integrou a&nbsp;<strong>CUF</strong>&nbsp;como HR Manager, colaborando diretamente com a liderança sénior na definição e implementação de estratégias de RH alinhadas com os objetivos de negócio. As suas responsabilidades incluem a gestão de todo o ciclo de vida do talento e a liderança de modelos de remuneração e governação, assegurando o cumprimento legal e promovendo um ambiente de trabalho positivo e sustentável.</p>



<p>Atualmente desempenha função de Healthcare Manager numa das unidades do Grupo CUF.</p>
