{"id":99,"date":"2026-04-22T11:23:18","date_gmt":"2026-04-22T10:23:18","guid":{"rendered":"https:\/\/bs.xl.pt\/voluntariado-tempo-conta\/?post_type=attendants&#038;p=99"},"modified":"2026-04-28T13:08:14","modified_gmt":"2026-04-28T12:08:14","slug":"joana-castro-e-costa","status":"publish","type":"attendants","link":"https:\/\/bs.xl.pt\/voluntariado-tempo-conta\/attendants\/joana-castro-e-costa\/","title":{"rendered":"Joana Castro e Costa"},"content":{"rendered":"\n<p>Joana Castro e Costa \u00e9 Diretora Executiva do Centro de Conhecimento Nova SBE Leadership for Impact. Na Nova SBE coordena ainda Iniciativa de Equidade Social, que visa contribuir para transformar o setor social em Portugal.<\/p>\n\n\n\n<p>Mestre em gest\u00e3o pela Nova School of Business and Economics, tem v\u00e1rios anos de&nbsp;experi\u00eancia em consultoria e gest\u00e3o no setor privado e p\u00fablico, nomeadamente em telecomunica\u00e7\u00f5es, turismo, educa\u00e7\u00e3o e tecnologias de informa\u00e7\u00e3o.<\/p>\n\n\n\n<p>Membro da League of Intrapreneurs, BMW Foundation Responsible Leaders e outras redes, dedica-se a conectar a academia com a sociedade, promovendo o intraempreendedorismo para o impacto, a mudan\u00e7a sist\u00e9mica e a regenera\u00e7\u00e3o.<\/p>\n\n\n\n<p>\u00c9 m\u00e3e de 3 filhos, uma cantora apaixonada e aprendiz de surf.<\/p>\n\n\n\n<p>Contribui diretamente desde 2019 para o programa Lideran\u00e7a Social para Gestores, que promove o voluntariado de compet\u00eancias atrav\u00e9s da forma\u00e7\u00e3o e coloca\u00e7\u00e3o de gestores, advogados e outros profissionais de topo em conselhos consultivos de organiza\u00e7\u00f5es sociais.<\/p>\n","protected":false},"featured_media":120,"template":"","meta":[],"categories":[3],"tags":[],"attendant_categories":[],"class_list":["post-99","attendants","type-attendants","status-publish","has-post-thumbnail","hentry","category-conferencia"],"_links":{"self":[{"href":"https:\/\/bs.xl.pt\/voluntariado-tempo-conta\/wp-json\/wp\/v2\/attendants\/99","targetHints":{"allow":["GET"]}}],"collection":[{"href":"https:\/\/bs.xl.pt\/voluntariado-tempo-conta\/wp-json\/wp\/v2\/attendants"}],"about":[{"href":"https:\/\/bs.xl.pt\/voluntariado-tempo-conta\/wp-json\/wp\/v2\/types\/attendants"}],"wp:featuredmedia":[{"embeddable":true,"href":"https:\/\/bs.xl.pt\/voluntariado-tempo-conta\/wp-json\/wp\/v2\/media\/120"}],"wp:attachment":[{"href":"https:\/\/bs.xl.pt\/voluntariado-tempo-conta\/wp-json\/wp\/v2\/media?parent=99"}],"wp:term":[{"taxonomy":"category","embeddable":true,"href":"https:\/\/bs.xl.pt\/voluntariado-tempo-conta\/wp-json\/wp\/v2\/categories?post=99"},{"taxonomy":"post_tag","embeddable":true,"href":"https:\/\/bs.xl.pt\/voluntariado-tempo-conta\/wp-json\/wp\/v2\/tags?post=99"},{"taxonomy":"attendant_categories","embeddable":true,"href":"https:\/\/bs.xl.pt\/voluntariado-tempo-conta\/wp-json\/wp\/v2\/attendant_categories?post=99"}],"curies":[{"name":"wp","href":"https:\/\/api.w.org\/{rel}","templated":true}]}}

<p>Joana Castro e Costa é Diretora Executiva do Centro de Conhecimento Nova SBE Leadership for Impact. Na Nova SBE coordena ainda Iniciativa de Equidade Social, que visa contribuir para transformar o setor social em Portugal.</p>



<p>Mestre em gestão pela Nova School of Business and Economics, tem vários anos de&nbsp;experiência em consultoria e gestão no setor privado e público, nomeadamente em telecomunicações, turismo, educação e tecnologias de informação.</p>



<p>Membro da League of Intrapreneurs, BMW Foundation Responsible Leaders e outras redes, dedica-se a conectar a academia com a sociedade, promovendo o intraempreendedorismo para o impacto, a mudança sistémica e a regeneração.</p>



<p>É mãe de 3 filhos, uma cantora apaixonada e aprendiz de surf.</p>



<p>Contribui diretamente desde 2019 para o programa Liderança Social para Gestores, que promove o voluntariado de competências através da formação e colocação de gestores, advogados e outros profissionais de topo em conselhos consultivos de organizações sociais.</p>
