{"id":168,"date":"2026-04-24T11:53:10","date_gmt":"2026-04-24T10:53:10","guid":{"rendered":"https:\/\/bs.xl.pt\/voluntariado-tempo-conta\/?post_type=volunteer_action&#038;p=168"},"modified":"2026-04-28T14:53:56","modified_gmt":"2026-04-28T13:53:56","slug":"recuperacao-e-preservacao-da-zona-costeira","status":"publish","type":"volunteer_action","link":"https:\/\/bs.xl.pt\/voluntariado-tempo-conta\/volunteer-actions\/recuperacao-e-preservacao-da-zona-costeira\/","title":{"rendered":"Recupera\u00e7\u00e3o e preserva\u00e7\u00e3o da zona costeira"},"content":{"rendered":"\n<p>No \u00e2mbito da iniciativa&nbsp;<strong>\u201cVoluntariado. O tempo que Conta\u201d<\/strong>, a Funda\u00e7\u00e3o Galp convida-o(a) a participar na a\u00e7\u00e3o de voluntariado&nbsp;na&nbsp;<strong>Praia de Vieira de Leiria, Marinha Grande<\/strong>, no dia&nbsp;<strong>5 de maio<\/strong>, em parceria com a Quercus e a C\u00e2mara Municipal da Marinha Grande&nbsp;e com a participa\u00e7\u00e3o do embaixador&nbsp;<strong>Lu\u00eds Trigacheiro<\/strong>.<\/p>\n\n\n\n<p>O objetivo desta a\u00e7\u00e3o ser\u00e1 contribuir para a&nbsp;<strong>recupera\u00e7\u00e3o e preserva\u00e7\u00e3o da zona costeira<\/strong>, atrav\u00e9s de uma limpeza de praia que procura minimizar os impactos provocados por condi\u00e7\u00f5es clim\u00e1ticas adversas, apoiar a prepara\u00e7\u00e3o da \u00e9poca balnear e gerar benef\u00edcios para a comunidade local e economia da regi\u00e3o.<\/p>\n\n\n\n<p><strong>Atividades previstas:&nbsp;<\/strong><br>\u2022&nbsp;Limpeza de praia<br>\u2022 Recolha de res\u00edduos<br>\u2022 Sensibiliza\u00e7\u00e3o ambiental<br>\u2022 Valoriza\u00e7\u00e3o do espa\u00e7o costeiro<\/p>\n","protected":false},"excerpt":{"rendered":"<p>No \u00e2mbito da iniciativa&nbsp;\u201cVoluntariado. O tempo que Conta\u201d, a Funda\u00e7\u00e3o Galp convida-o(a) a participar na a\u00e7\u00e3o de voluntariado&nbsp;na&nbsp;Praia de Vieira de Leiria, Marinha Grande, no dia&nbsp;5 de maio, em parceria com a Quercus e a C\u00e2mara Municipal da Marinha Grande&nbsp;e com a participa\u00e7\u00e3o do embaixador&nbsp;Lu\u00eds Trigacheiro. O objetivo desta a\u00e7\u00e3o ser\u00e1 contribuir para a&nbsp;recupera\u00e7\u00e3o e [&hellip;]<\/p>\n","protected":false},"featured_media":0,"template":"","meta":[],"class_list":["post-168","volunteer_action","type-volunteer_action","status-publish","hentry"],"_links":{"self":[{"href":"https:\/\/bs.xl.pt\/voluntariado-tempo-conta\/wp-json\/wp\/v2\/volunteer_action\/168","targetHints":{"allow":["GET"]}}],"collection":[{"href":"https:\/\/bs.xl.pt\/voluntariado-tempo-conta\/wp-json\/wp\/v2\/volunteer_action"}],"about":[{"href":"https:\/\/bs.xl.pt\/voluntariado-tempo-conta\/wp-json\/wp\/v2\/types\/volunteer_action"}],"wp:attachment":[{"href":"https:\/\/bs.xl.pt\/voluntariado-tempo-conta\/wp-json\/wp\/v2\/media?parent=168"}],"curies":[{"name":"wp","href":"https:\/\/api.w.org\/{rel}","templated":true}]}}

Recuperação e preservação da zona costeira

<p>No âmbito da iniciativa&nbsp;<strong>“Voluntariado. O tempo que Conta”</strong>, a Fundação Galp convida-o(a) a participar na ação de voluntariado&nbsp;na&nbsp;<strong>Praia de Vieira de Leiria, Marinha Grande</strong>, no dia&nbsp;<strong>5 de maio</strong>, em parceria com a Quercus e a Câmara Municipal da Marinha Grande&nbsp;e com a participação do embaixador&nbsp;<strong>Luís Trigacheiro</strong>.</p>



<p>O objetivo desta ação será contribuir para a&nbsp;<strong>recuperação e preservação da zona costeira</strong>, através de uma limpeza de praia que procura minimizar os impactos provocados por condições climáticas adversas, apoiar a preparação da época balnear e gerar benefícios para a comunidade local e economia da região.</p>



<p><strong>Atividades previstas:&nbsp;</strong><br>•&nbsp;Limpeza de praia<br>• Recolha de resíduos<br>• Sensibilização ambiental<br>• Valorização do espaço costeiro</p>

<p>No âmbito da iniciativa&nbsp;“Voluntariado. O tempo que Conta”, a Fundação Galp convida-o(a) a participar na ação de voluntariado&nbsp;na&nbsp;Praia de Vieira de Leiria, Marinha Grande, no dia&nbsp;5 de maio, em parceria com a Quercus e a Câmara Municipal da Marinha Grande&nbsp;e com a participação do embaixador&nbsp;Luís Trigacheiro. O objetivo desta ação será contribuir para a&nbsp;recuperação e [&hellip;]</p>
