{"id":174,"date":"2026-04-24T11:54:33","date_gmt":"2026-04-24T10:54:33","guid":{"rendered":"https:\/\/bs.xl.pt\/voluntariado-tempo-conta\/?post_type=volunteer_action&#038;p=174"},"modified":"2026-04-28T14:56:54","modified_gmt":"2026-04-28T13:56:54","slug":"intervencao-ambiental-na-mata-nacional-de-leiria","status":"publish","type":"volunteer_action","link":"https:\/\/bs.xl.pt\/voluntariado-tempo-conta\/volunteer-actions\/intervencao-ambiental-na-mata-nacional-de-leiria\/","title":{"rendered":"Interven\u00e7\u00e3o ambiental na Mata Nacional de Leiria"},"content":{"rendered":"\n<p>No \u00e2mbito da iniciativa&nbsp;<strong>\u201cVoluntariado. O tempo que Conta\u201d<\/strong>, a Funda\u00e7\u00e3o Galp convida-o(a) a participar na a\u00e7\u00e3o de voluntariado em&nbsp;<strong>Leiria<\/strong>, no dia&nbsp;<strong>13 de maio<\/strong>, em parceria com a&nbsp;<strong>Quercus&nbsp;<\/strong>e com a participa\u00e7\u00e3o do parceiro e embaixador&nbsp;<strong>Diogo Pi\u00e7arra<\/strong>.<\/p>\n\n\n\n<p>O objetivo desta a\u00e7\u00e3o ser\u00e1 uma&nbsp;<strong>interven\u00e7\u00e3o ambiental na Mata Nacional de Leiria<\/strong>, focada na mitiga\u00e7\u00e3o do risco de inc\u00eandio. A iniciativa pretende contribuir para a recupera\u00e7\u00e3o de um territ\u00f3rio severamente afetado e para a preven\u00e7\u00e3o de futuros inc\u00eandios.<br><strong><br><\/strong><strong>Atividades previstas:<br>\u2022&nbsp;<\/strong>Remo\u00e7\u00e3o de madeira e biomassa<br>\u2022 Limpeza e restauro da mata<br>\u2022 Apoio \u00e0 regenera\u00e7\u00e3o do ecossistema<\/p>\n\n\n\n<p>\ud83d\udccd&nbsp;<strong>Local:<\/strong>&nbsp;Leiria<br>\ud83d\udd52&nbsp;<strong>Hor\u00e1rio:<\/strong>&nbsp;8h00 \u00e0s 16h30<br>\ud83d\ude8c&nbsp;<strong>Transporte assegurado<\/strong>&nbsp;a partir do Edif\u00edcio ALLO | Alc\u00e2ntara&nbsp;<br>\ud83d\udc65&nbsp;<strong>Capacidade m\u00e1xima:<\/strong>&nbsp;at\u00e9 210 volunt\u00e1rios<\/p>\n\n\n\n<p>A Funda\u00e7\u00e3o Galp disponibilizar\u00e1 uma t-shirt da iniciativa a todos os participantes. Recomenda-se roupa confort\u00e1vel e cal\u00e7ado adequado.&nbsp;<\/p>\n\n\n\n<p>Integrada no Ano Internacional dos Volunt\u00e1rios, assinalado pelas Na\u00e7\u00f5es Unidas, esta iniciativa pretende transformar reflex\u00e3o em a\u00e7\u00e3o concreta, mobilizando colaboradores da Galp e participantes para responder a necessidades concretas nas comunidades.<\/p>\n\n\n\n<p>Caso tenha limita\u00e7\u00f5es de mobilidade ou restri\u00e7\u00f5es f\u00edsicas, recomendamos que avalie as caracter\u00edsticas desta a\u00e7\u00e3o antes de se inscrever, uma vez que poder\u00e1 envolver caminhadas, atividades ao ar livre e esfor\u00e7o f\u00edsico moderado.<\/p>\n","protected":false},"excerpt":{"rendered":"<p>No \u00e2mbito da iniciativa&nbsp;\u201cVoluntariado. O tempo que Conta\u201d, a Funda\u00e7\u00e3o Galp convida-o(a) a participar na a\u00e7\u00e3o de voluntariado em&nbsp;Leiria, no dia&nbsp;13 de maio, em parceria com a&nbsp;Quercus&nbsp;e com a participa\u00e7\u00e3o do parceiro e embaixador&nbsp;Diogo Pi\u00e7arra. O objetivo desta a\u00e7\u00e3o ser\u00e1 uma&nbsp;interven\u00e7\u00e3o ambiental na Mata Nacional de Leiria, focada na mitiga\u00e7\u00e3o do risco de inc\u00eandio. A [&hellip;]<\/p>\n","protected":false},"featured_media":0,"template":"","meta":[],"class_list":["post-174","volunteer_action","type-volunteer_action","status-publish","hentry"],"_links":{"self":[{"href":"https:\/\/bs.xl.pt\/voluntariado-tempo-conta\/wp-json\/wp\/v2\/volunteer_action\/174","targetHints":{"allow":["GET"]}}],"collection":[{"href":"https:\/\/bs.xl.pt\/voluntariado-tempo-conta\/wp-json\/wp\/v2\/volunteer_action"}],"about":[{"href":"https:\/\/bs.xl.pt\/voluntariado-tempo-conta\/wp-json\/wp\/v2\/types\/volunteer_action"}],"wp:attachment":[{"href":"https:\/\/bs.xl.pt\/voluntariado-tempo-conta\/wp-json\/wp\/v2\/media?parent=174"}],"curies":[{"name":"wp","href":"https:\/\/api.w.org\/{rel}","templated":true}]}}

Intervenção ambiental na Mata Nacional de Leiria

<p>No âmbito da iniciativa&nbsp;<strong>“Voluntariado. O tempo que Conta”</strong>, a Fundação Galp convida-o(a) a participar na ação de voluntariado em&nbsp;<strong>Leiria</strong>, no dia&nbsp;<strong>13 de maio</strong>, em parceria com a&nbsp;<strong>Quercus&nbsp;</strong>e com a participação do parceiro e embaixador&nbsp;<strong>Diogo Piçarra</strong>.</p>



<p>O objetivo desta ação será uma&nbsp;<strong>intervenção ambiental na Mata Nacional de Leiria</strong>, focada na mitigação do risco de incêndio. A iniciativa pretende contribuir para a recuperação de um território severamente afetado e para a prevenção de futuros incêndios.<br><strong><br></strong><strong>Atividades previstas:<br>•&nbsp;</strong>Remoção de madeira e biomassa<br>• Limpeza e restauro da mata<br>• Apoio à regeneração do ecossistema</p>



<p>📍&nbsp;<strong>Local:</strong>&nbsp;Leiria<br>🕒&nbsp;<strong>Horário:</strong>&nbsp;8h00 às 16h30<br>🚌&nbsp;<strong>Transporte assegurado</strong>&nbsp;a partir do Edifício ALLO | Alcântara&nbsp;<br>👥&nbsp;<strong>Capacidade máxima:</strong>&nbsp;até 210 voluntários</p>



<p>A Fundação Galp disponibilizará uma t-shirt da iniciativa a todos os participantes. Recomenda-se roupa confortável e calçado adequado.&nbsp;</p>



<p>Integrada no Ano Internacional dos Voluntários, assinalado pelas Nações Unidas, esta iniciativa pretende transformar reflexão em ação concreta, mobilizando colaboradores da Galp e participantes para responder a necessidades concretas nas comunidades.</p>



<p>Caso tenha limitações de mobilidade ou restrições físicas, recomendamos que avalie as características desta ação antes de se inscrever, uma vez que poderá envolver caminhadas, atividades ao ar livre e esforço físico moderado.</p>

<p>No âmbito da iniciativa&nbsp;“Voluntariado. O tempo que Conta”, a Fundação Galp convida-o(a) a participar na ação de voluntariado em&nbsp;Leiria, no dia&nbsp;13 de maio, em parceria com a&nbsp;Quercus&nbsp;e com a participação do parceiro e embaixador&nbsp;Diogo Piçarra. O objetivo desta ação será uma&nbsp;intervenção ambiental na Mata Nacional de Leiria, focada na mitigação do risco de incêndio. A [&hellip;]</p>
