{"id":177,"date":"2026-04-24T11:55:05","date_gmt":"2026-04-24T10:55:05","guid":{"rendered":"https:\/\/bs.xl.pt\/voluntariado-tempo-conta\/?post_type=volunteer_action&#038;p=177"},"modified":"2026-04-28T14:56:53","modified_gmt":"2026-04-28T13:56:53","slug":"requalificacao-do-estadio-municipal-de-sines","status":"publish","type":"volunteer_action","link":"https:\/\/bs.xl.pt\/voluntariado-tempo-conta\/volunteer-actions\/requalificacao-do-estadio-municipal-de-sines\/","title":{"rendered":"Requalifica\u00e7\u00e3o do Est\u00e1dio Municipal de Sines"},"content":{"rendered":"\n<p>No \u00e2mbito da iniciativa&nbsp;<strong>\u201cVoluntariado. O tempo que Conta\u201d<\/strong>, a Funda\u00e7\u00e3o Galp convida-o(a) a participar na a\u00e7\u00e3o de voluntariado em&nbsp;<strong>Sines<\/strong>, no dia&nbsp;<strong>14 de maio<\/strong>, em parceria com o Vasco da Gama Atl\u00e9tico Clube e a C\u00e2mara Municipal de Sines&nbsp;e com a participa\u00e7\u00e3o da banda embaixadora&nbsp;<strong>Vizinhos<\/strong>.<\/p>\n\n\n\n<p>O objetivo desta a\u00e7\u00e3o ser\u00e1 a&nbsp;<strong>requalifica\u00e7\u00e3o do Est\u00e1dio Municipal de Sines<\/strong>, atrav\u00e9s da pintura de muros, bancadas e corrim\u00f5es. Sendo Sines um territ\u00f3rio de forte relev\u00e2ncia para a Galp, esta iniciativa refor\u00e7a o compromisso da empresa com a comunidade local.<\/p>\n\n\n\n<p><strong>Atividades previstas:<\/strong><br>\u2022 Pintura de muros<br>\u2022 Pintura de bancadas<br>\u2022 Pintura de corrim\u00f5es<br>\u2022 Requalifica\u00e7\u00e3o de espa\u00e7o comunit\u00e1rio<\/p>\n\n\n\n<p>\ud83d\udccd&nbsp;<strong>Local:<\/strong>&nbsp;Est\u00e1dio Municipal de Sines<br>\ud83d\udd52&nbsp;<strong>Hor\u00e1rio:<\/strong>&nbsp;8h00 \u00e0s 16h00<br>\ud83d\ude8c&nbsp;<strong>Transporte assegurado<\/strong>&nbsp;a partir do Edif\u00edcio ALLO | Alc\u00e2ntara&nbsp;&nbsp;<br>\ud83d\udc65&nbsp;<strong>Capacidade m\u00e1xima:<\/strong>&nbsp;at\u00e9 210 volunt\u00e1rios<\/p>\n\n\n\n<p>A Funda\u00e7\u00e3o Galp disponibilizar\u00e1 uma t-shirt da iniciativa a todos os participantes. Recomenda-se roupa confort\u00e1vel e cal\u00e7ado adequado.<\/p>\n\n\n\n<p>Integrada no Ano Internacional dos Volunt\u00e1rios, assinalado pelas Na\u00e7\u00f5es Unidas, esta iniciativa pretende transformar reflex\u00e3o em a\u00e7\u00e3o concreta, mobilizando colaboradores da Galp e participantes para responder a necessidades concretas nas comunidades.<\/p>\n\n\n\n<p>Caso tenha limita\u00e7\u00f5es de mobilidade ou restri\u00e7\u00f5es f\u00edsicas, recomendamos que avalie as caracter\u00edsticas desta a\u00e7\u00e3o antes de se inscrever, uma vez que poder\u00e1 envolver pintura, desloca\u00e7\u00f5es no recinto e atividades ao ar livre.<\/p>\n","protected":false},"excerpt":{"rendered":"<p>No \u00e2mbito da iniciativa&nbsp;\u201cVoluntariado. O tempo que Conta\u201d, a Funda\u00e7\u00e3o Galp convida-o(a) a participar na a\u00e7\u00e3o de voluntariado em&nbsp;Sines, no dia&nbsp;14 de maio, em parceria com o Vasco da Gama Atl\u00e9tico Clube e a C\u00e2mara Municipal de Sines&nbsp;e com a participa\u00e7\u00e3o da banda embaixadora&nbsp;Vizinhos. O objetivo desta a\u00e7\u00e3o ser\u00e1 a&nbsp;requalifica\u00e7\u00e3o do Est\u00e1dio Municipal de Sines, [&hellip;]<\/p>\n","protected":false},"featured_media":0,"template":"","meta":[],"class_list":["post-177","volunteer_action","type-volunteer_action","status-publish","hentry"],"_links":{"self":[{"href":"https:\/\/bs.xl.pt\/voluntariado-tempo-conta\/wp-json\/wp\/v2\/volunteer_action\/177","targetHints":{"allow":["GET"]}}],"collection":[{"href":"https:\/\/bs.xl.pt\/voluntariado-tempo-conta\/wp-json\/wp\/v2\/volunteer_action"}],"about":[{"href":"https:\/\/bs.xl.pt\/voluntariado-tempo-conta\/wp-json\/wp\/v2\/types\/volunteer_action"}],"wp:attachment":[{"href":"https:\/\/bs.xl.pt\/voluntariado-tempo-conta\/wp-json\/wp\/v2\/media?parent=177"}],"curies":[{"name":"wp","href":"https:\/\/api.w.org\/{rel}","templated":true}]}}

Requalificação do Estádio Municipal de Sines

<p>No âmbito da iniciativa&nbsp;<strong>“Voluntariado. O tempo que Conta”</strong>, a Fundação Galp convida-o(a) a participar na ação de voluntariado em&nbsp;<strong>Sines</strong>, no dia&nbsp;<strong>14 de maio</strong>, em parceria com o Vasco da Gama Atlético Clube e a Câmara Municipal de Sines&nbsp;e com a participação da banda embaixadora&nbsp;<strong>Vizinhos</strong>.</p>



<p>O objetivo desta ação será a&nbsp;<strong>requalificação do Estádio Municipal de Sines</strong>, através da pintura de muros, bancadas e corrimões. Sendo Sines um território de forte relevância para a Galp, esta iniciativa reforça o compromisso da empresa com a comunidade local.</p>



<p><strong>Atividades previstas:</strong><br>• Pintura de muros<br>• Pintura de bancadas<br>• Pintura de corrimões<br>• Requalificação de espaço comunitário</p>



<p>📍&nbsp;<strong>Local:</strong>&nbsp;Estádio Municipal de Sines<br>🕒&nbsp;<strong>Horário:</strong>&nbsp;8h00 às 16h00<br>🚌&nbsp;<strong>Transporte assegurado</strong>&nbsp;a partir do Edifício ALLO | Alcântara&nbsp;&nbsp;<br>👥&nbsp;<strong>Capacidade máxima:</strong>&nbsp;até 210 voluntários</p>



<p>A Fundação Galp disponibilizará uma t-shirt da iniciativa a todos os participantes. Recomenda-se roupa confortável e calçado adequado.</p>



<p>Integrada no Ano Internacional dos Voluntários, assinalado pelas Nações Unidas, esta iniciativa pretende transformar reflexão em ação concreta, mobilizando colaboradores da Galp e participantes para responder a necessidades concretas nas comunidades.</p>



<p>Caso tenha limitações de mobilidade ou restrições físicas, recomendamos que avalie as características desta ação antes de se inscrever, uma vez que poderá envolver pintura, deslocações no recinto e atividades ao ar livre.</p>

<p>No âmbito da iniciativa&nbsp;“Voluntariado. O tempo que Conta”, a Fundação Galp convida-o(a) a participar na ação de voluntariado em&nbsp;Sines, no dia&nbsp;14 de maio, em parceria com o Vasco da Gama Atlético Clube e a Câmara Municipal de Sines&nbsp;e com a participação da banda embaixadora&nbsp;Vizinhos. O objetivo desta ação será a&nbsp;requalificação do Estádio Municipal de Sines, [&hellip;]</p>
